Last updated on 2024-06-30 03:55:15 CEST.
Flavor | Version | Tinstall | Tcheck | Ttotal | Status | Flags |
---|---|---|---|---|---|---|
r-devel-linux-x86_64-debian-clang | 0.0.2 | 37.56 | 34.08 | 71.64 | NOTE | |
r-devel-linux-x86_64-debian-gcc | 0.0.2 | 35.55 | 25.64 | 61.19 | NOTE | |
r-devel-linux-x86_64-fedora-clang | 0.0.2 | 96.79 | NOTE | |||
r-devel-linux-x86_64-fedora-gcc | 0.0.2 | 116.92 | NOTE | |||
r-devel-windows-x86_64 | 0.0.2 | 32.00 | 68.00 | 100.00 | NOTE | |
r-patched-linux-x86_64 | 0.0.2 | 41.94 | 32.66 | 74.60 | OK | |
r-release-linux-x86_64 | 0.0.2 | 44.04 | 33.54 | 77.58 | OK | |
r-release-macos-arm64 | 0.0.2 | 28.00 | OK | |||
r-release-macos-x86_64 | 0.0.2 | 36.00 | OK | |||
r-release-windows-x86_64 | 0.0.2 | 35.00 | 69.00 | 104.00 | OK | |
r-oldrel-macos-arm64 | 0.0.2 | 31.00 | OK | |||
r-oldrel-macos-x86_64 | 0.0.2 | 64.00 | OK | |||
r-oldrel-windows-x86_64 | 0.0.2 | 33.00 | 76.00 | 109.00 | OK |
Version: 0.0.2
Check: compiled code
Result: NOTE
File ‘literanger/libs/literanger.so’:
Found non-API calls to R: ‘SETLENGTH’, ‘SET_GROWABLE_BIT’,
‘SET_TRUELENGTH’
Compiled code should not call non-API entry points in R.
See ‘Writing portable packages’ in the ‘Writing R Extensions’ manual.
See section ‘Moving into C API compliance’ in the ‘Writing R
Extensions’ manual for issues with use of non-API entry points.
Flavors: r-devel-linux-x86_64-debian-clang, r-devel-linux-x86_64-debian-gcc, r-devel-linux-x86_64-fedora-clang, r-devel-linux-x86_64-fedora-gcc
Version: 0.0.2
Check: compiled code
Result: NOTE
File 'literanger/libs/x64/literanger.dll':
Found non-API calls to R: 'SETLENGTH', 'SET_GROWABLE_BIT',
'SET_TRUELENGTH'
Compiled code should not call non-API entry points in R.
See 'Writing portable packages' in the 'Writing R Extensions' manual.
See section 'Moving into C API compliance' in the 'Writing R
Extensions' manual for issues with use of non-API entry points.
Flavor: r-devel-windows-x86_64