Last updated on 2024-08-16 03:49:27 CEST.
Flavor | Version | Tinstall | Tcheck | Ttotal | Status | Flags |
---|---|---|---|---|---|---|
r-devel-linux-x86_64-debian-clang | 1.1.1 | 32.06 | 103.96 | 136.02 | OK | |
r-devel-linux-x86_64-debian-gcc | 1.1.1 | 23.09 | 70.13 | 93.22 | OK | |
r-devel-linux-x86_64-fedora-clang | 1.1.1 | 230.17 | OK | |||
r-devel-linux-x86_64-fedora-gcc | 1.1.1 | 235.79 | OK | |||
r-devel-windows-x86_64 | 1.1.1 | 35.00 | 141.00 | 176.00 | OK | |
r-patched-linux-x86_64 | 1.1.1 | 31.28 | 97.98 | 129.26 | OK | |
r-release-linux-x86_64 | 1.1.1 | 26.88 | 97.21 | 124.09 | OK | |
r-release-macos-arm64 | 1.1.1 | 85.00 | NOTE | |||
r-release-macos-x86_64 | 1.1.1 | 246.00 | NOTE | |||
r-release-windows-x86_64 | 1.1.1 | 35.00 | 144.00 | 179.00 | OK | |
r-oldrel-macos-arm64 | 1.1.1 | 79.00 | NOTE | |||
r-oldrel-macos-x86_64 | 1.1.1 | 217.00 | NOTE | |||
r-oldrel-windows-x86_64 | 1.1.1 | 45.00 | 167.00 | 212.00 | OK |
Version: 1.1.1
Check: installed package size
Result: NOTE
installed size is 6.5Mb
sub-directories of 1Mb or more:
data 4.0Mb
libs 1.8Mb
Flavors: r-release-macos-arm64, r-release-macos-x86_64, r-oldrel-macos-arm64, r-oldrel-macos-x86_64