Last updated on 2024-06-17 03:49:55 CEST.
Flavor | Version | Tinstall | Tcheck | Ttotal | Status | Flags |
---|---|---|---|---|---|---|
r-devel-linux-x86_64-debian-clang | 5.0 | 12.84 | 103.13 | 115.97 | NOTE | |
r-devel-linux-x86_64-debian-gcc | 5.0 | 12.06 | 75.80 | 87.86 | NOTE | |
r-devel-linux-x86_64-fedora-clang | 5.0 | 145.54 | NOTE | |||
r-devel-linux-x86_64-fedora-gcc | 5.0 | 134.21 | NOTE | |||
r-devel-windows-x86_64 | 5.0 | 13.00 | 97.00 | 110.00 | NOTE | |
r-patched-linux-x86_64 | 5.0 | 15.96 | 97.57 | 113.53 | NOTE | |
r-release-linux-x86_64 | 5.0 | 16.75 | 97.71 | 114.46 | NOTE | |
r-release-macos-arm64 | 5.0 | 40.00 | NOTE | |||
r-release-macos-x86_64 | 5.0 | 68.00 | NOTE | |||
r-release-windows-x86_64 | 5.0 | 13.00 | 88.00 | 101.00 | NOTE | |
r-oldrel-macos-arm64 | 5.0 | 47.00 | OK | |||
r-oldrel-macos-x86_64 | 5.0 | 72.00 | OK | |||
r-oldrel-windows-x86_64 | 5.0 | 18.00 | 105.00 | 123.00 | OK |
Version: 5.0
Check: Rd files
Result: NOTE
checkRd: (-1) SKD.Rd:76: Lost braces; missing escapes or markup?
76 | \author{Christian E. Galarza <\email{cgalarza88@gmail.com}>, {Luis Benites} <\email{lsanchez@ime.usp.br}> and
| ^
checkRd: (-1) best.lqr.Rd:66: Lost braces; missing escapes or markup?
66 | \author{Christian E. Galarza <\email{cgalarza88@gmail.com}>, {Luis Benites} <\email{lsanchez@ime.usp.br}> and
| ^
checkRd: (-1) cens.lqr.Rd:70: Lost braces; missing escapes or markup?
70 | \author{Christian E. Galarza <\email{chedgala@espol.edu.ec}>, {Marcelo Bourguignon} <\email{m.p.bourguignon@gmail.com}> and
| ^
checkRd: (-1) logbestlqr.Rd:86: Lost braces; missing escapes or markup?
86 | \author{Christian E. Galarza <\email{cgalarza88@gmail.com}>, {Luis Benites} <\email{lsanchez@ime.usp.br}> and
| ^
checkRd: (-1) loglqr.Rd:98: Lost braces; missing escapes or markup?
98 | \author{Christian E. Galarza <\email{cgalarza88@gmail.com}>, {Luis Benites} <\email{lsanchez@ime.usp.br}> and
| ^
checkRd: (-1) lqr-package.Rd:22: Lost braces; missing escapes or markup?
22 | \author{Christian E. Galarza <\email{cgalarza88@gmail.com}>, {Luis Benites} <\email{lsanchez@ime.usp.br}> and
| ^
checkRd: (-1) lqr.Rd:83: Lost braces; missing escapes or markup?
83 | \author{Christian E. Galarza <\email{cgalarza88@gmail.com}>, {Luis Benites} <\email{lsanchez@ime.usp.br}> and
| ^
Flavors: r-devel-linux-x86_64-debian-clang, r-devel-linux-x86_64-debian-gcc, r-devel-linux-x86_64-fedora-clang, r-devel-linux-x86_64-fedora-gcc, r-devel-windows-x86_64, r-patched-linux-x86_64, r-release-linux-x86_64, r-release-macos-arm64, r-release-macos-x86_64, r-release-windows-x86_64