Last updated on 2024-06-30 03:55:15 CEST.
Flavor | Version | Tinstall | Tcheck | Ttotal | Status | Flags |
---|---|---|---|---|---|---|
r-devel-linux-x86_64-debian-clang | 0.2.0 | 108.96 | 136.27 | 245.23 | NOTE | |
r-devel-linux-x86_64-debian-gcc | 0.2.0 | 72.51 | 101.92 | 174.43 | NOTE | |
r-devel-linux-x86_64-fedora-clang | 0.2.0 | 338.59 | NOTE | |||
r-devel-linux-x86_64-fedora-gcc | 0.2.0 | 326.02 | NOTE | |||
r-devel-windows-x86_64 | 0.2.0 | 83.00 | 155.00 | 238.00 | NOTE | |
r-patched-linux-x86_64 | 0.2.0 | 83.57 | 130.22 | 213.79 | NOTE | |
r-release-linux-x86_64 | 0.2.0 | 89.24 | 132.53 | 221.77 | NOTE | |
r-release-macos-arm64 | 0.2.0 | 69.00 | NOTE | |||
r-release-macos-x86_64 | 0.2.0 | 99.00 | NOTE | |||
r-release-windows-x86_64 | 0.2.0 | 83.00 | 141.00 | 224.00 | NOTE | |
r-oldrel-macos-arm64 | 0.2.0 | 83.00 | NOTE | |||
r-oldrel-macos-x86_64 | 0.2.0 | 155.00 | NOTE | |||
r-oldrel-windows-x86_64 | 0.2.0 | 101.00 | 162.00 | 263.00 | NOTE |
Version: 0.2.0
Check: C++ specification
Result: NOTE
Specified C++11: please drop specification unless essential
Flavors: r-devel-linux-x86_64-debian-clang, r-devel-linux-x86_64-debian-gcc, r-devel-linux-x86_64-fedora-clang, r-devel-linux-x86_64-fedora-gcc, r-devel-windows-x86_64, r-patched-linux-x86_64, r-release-linux-x86_64, r-release-macos-arm64, r-release-macos-x86_64, r-release-windows-x86_64, r-oldrel-macos-arm64, r-oldrel-macos-x86_64, r-oldrel-windows-x86_64
Version: 0.2.0
Check: installed package size
Result: NOTE
installed size is 6.0Mb
sub-directories of 1Mb or more:
data 2.1Mb
libs 3.7Mb
Flavors: r-release-macos-arm64, r-release-macos-x86_64, r-oldrel-macos-arm64, r-oldrel-macos-x86_64