Last updated on 2024-06-30 03:55:15 CEST.
Flavor | Version | Tinstall | Tcheck | Ttotal | Status | Flags |
---|---|---|---|---|---|---|
r-devel-linux-x86_64-debian-clang | 0.2.5 | 135.84 | 111.75 | 247.59 | NOTE | |
r-devel-linux-x86_64-debian-gcc | 0.2.5 | 95.82 | 81.18 | 177.00 | NOTE | |
r-devel-linux-x86_64-fedora-clang | 0.2.5 | 367.00 | NOTE | |||
r-devel-linux-x86_64-fedora-gcc | 0.2.5 | 351.40 | NOTE | |||
r-devel-windows-x86_64 | 0.2.5 | 109.00 | 127.00 | 236.00 | NOTE | |
r-patched-linux-x86_64 | 0.2.5 | 109.13 | 105.98 | 215.11 | NOTE | |
r-release-linux-x86_64 | 0.2.5 | 95.12 | 104.67 | 199.79 | NOTE | |
r-release-macos-arm64 | 0.2.5 | 73.00 | NOTE | |||
r-release-macos-x86_64 | 0.2.5 | 104.00 | NOTE | |||
r-release-windows-x86_64 | 0.2.5 | 106.00 | 125.00 | 231.00 | NOTE | |
r-oldrel-macos-arm64 | 0.2.5 | 83.00 | NOTE | |||
r-oldrel-macos-x86_64 | 0.2.5 | 147.00 | NOTE | |||
r-oldrel-windows-x86_64 | 0.2.5 | 129.00 | 152.00 | 281.00 | OK |
Version: 0.2.5
Check: Rd files
Result: NOTE
checkRd: (-1) shortestpath.Rd:19: Lost braces; missing escapes or markup?
19 | \eqn{0} means there exists no path for node \eqn{i} and {j}.
| ^
Flavors: r-devel-linux-x86_64-debian-clang, r-devel-linux-x86_64-debian-gcc, r-devel-linux-x86_64-fedora-clang, r-devel-linux-x86_64-fedora-gcc, r-devel-windows-x86_64, r-patched-linux-x86_64, r-release-linux-x86_64, r-release-macos-arm64, r-release-macos-x86_64, r-release-windows-x86_64
Version: 0.2.5
Check: installed package size
Result: NOTE
installed size is 5.9Mb
sub-directories of 1Mb or more:
libs 5.6Mb
Flavors: r-release-macos-arm64, r-release-macos-x86_64, r-oldrel-macos-arm64, r-oldrel-macos-x86_64