Last updated on 2024-06-16 02:55:28 CEST.
Flavor | Version | Tinstall | Tcheck | Ttotal | Status | Flags |
---|---|---|---|---|---|---|
r-devel-linux-x86_64-debian-clang | 0.1.4 | 48.46 | 161.77 | 210.23 | OK | |
r-devel-linux-x86_64-debian-gcc | 0.1.4 | 42.14 | 120.92 | 163.06 | OK | |
r-devel-linux-x86_64-fedora-clang | 0.1.4 | 277.74 | NOTE | |||
r-devel-linux-x86_64-fedora-gcc | 0.1.4 | 250.21 | NOTE | |||
r-devel-windows-x86_64 | 0.1.4 | 47.00 | 117.00 | 164.00 | OK | |
r-patched-linux-x86_64 | 0.1.4 | 29.25 | 156.89 | 186.14 | OK | |
r-release-linux-x86_64 | 0.1.4 | 38.95 | 153.60 | 192.55 | OK | |
r-release-macos-arm64 | 0.1.4 | 81.00 | OK | |||
r-release-macos-x86_64 | 0.1.4 | 108.00 | OK | |||
r-release-windows-x86_64 | 0.1.4 | 48.00 | 120.00 | 168.00 | OK | |
r-oldrel-macos-arm64 | 0.1.4 | 86.00 | OK | |||
r-oldrel-macos-x86_64 | 0.1.4 | 112.00 | OK | |||
r-oldrel-windows-x86_64 | 0.1.4 | 59.00 | 150.00 | 209.00 | OK |
Version: 0.1.4
Check: data for non-ASCII characters
Result: NOTE
Note: found 5210 marked UTF-8 strings
Flavors: r-devel-linux-x86_64-fedora-clang, r-devel-linux-x86_64-fedora-gcc