Last updated on 2024-06-30 03:55:15 CEST.
Flavor | Version | Tinstall | Tcheck | Ttotal | Status | Flags |
---|---|---|---|---|---|---|
r-devel-linux-x86_64-debian-clang | 1.1.9 | 300.70 | 104.02 | 404.72 | OK | |
r-devel-linux-x86_64-debian-gcc | 1.1.9 | 196.33 | 75.65 | 271.98 | OK | |
r-devel-linux-x86_64-fedora-clang | 1.1.9 | 579.78 | OK | |||
r-devel-linux-x86_64-fedora-gcc | 1.1.9 | 597.22 | OK | |||
r-devel-windows-x86_64 | 1.1.9 | 220.00 | 159.00 | 379.00 | OK | |
r-patched-linux-x86_64 | 1.1.9 | 238.40 | 100.51 | 338.91 | OK | |
r-release-linux-x86_64 | 1.1.9 | 242.86 | 102.47 | 345.33 | OK | |
r-release-macos-arm64 | 1.1.9 | 97.00 | NOTE | |||
r-release-macos-x86_64 | 1.1.9 | 135.00 | NOTE | |||
r-release-windows-x86_64 | 1.1.9 | 222.00 | 159.00 | 381.00 | OK | |
r-oldrel-macos-arm64 | 1.1.9 | 107.00 | NOTE | |||
r-oldrel-macos-x86_64 | 1.1.9 | 140.00 | NOTE | |||
r-oldrel-windows-x86_64 | 1.1.9 | 268.00 | 191.00 | 459.00 | OK |
Version: 1.1.9
Check: installed package size
Result: NOTE
installed size is 14.1Mb
sub-directories of 1Mb or more:
libs 13.2Mb
Flavors: r-release-macos-arm64, r-release-macos-x86_64, r-oldrel-macos-arm64, r-oldrel-macos-x86_64