Last updated on 2024-06-30 03:55:16 CEST.
Flavor | Version | Tinstall | Tcheck | Ttotal | Status | Flags |
---|---|---|---|---|---|---|
r-devel-linux-x86_64-debian-clang | 0.9.3 | 5.61 | 54.43 | 60.04 | OK | |
r-devel-linux-x86_64-debian-gcc | 0.9.3 | 4.54 | 40.32 | 44.86 | OK | |
r-devel-linux-x86_64-fedora-clang | 0.9.3 | 74.82 | NOTE | |||
r-devel-linux-x86_64-fedora-gcc | 0.9.3 | 69.51 | NOTE | |||
r-devel-windows-x86_64 | 0.9.3 | 7.00 | 71.00 | 78.00 | OK | |
r-patched-linux-x86_64 | 0.9.3 | 5.19 | 51.61 | 56.80 | OK | |
r-release-linux-x86_64 | 0.9.3 | 5.33 | 51.86 | 57.19 | OK | |
r-release-macos-arm64 | 0.9.3 | 32.00 | OK | |||
r-release-macos-x86_64 | 0.9.3 | 43.00 | OK | |||
r-release-windows-x86_64 | 0.9.3 | 6.00 | 75.00 | 81.00 | OK | |
r-oldrel-macos-arm64 | 0.9.3 | 34.00 | OK | |||
r-oldrel-macos-x86_64 | 0.9.3 | 55.00 | OK | |||
r-oldrel-windows-x86_64 | 0.9.3 | 9.00 | 75.00 | 84.00 | OK |
Version: 0.9.3
Check: data for non-ASCII characters
Result: NOTE
Note: found 1 marked UTF-8 string
Flavors: r-devel-linux-x86_64-fedora-clang, r-devel-linux-x86_64-fedora-gcc