Last updated on 2024-06-30 03:55:16 CEST.
Flavor | Version | Tinstall | Tcheck | Ttotal | Status | Flags |
---|---|---|---|---|---|---|
r-devel-linux-x86_64-debian-clang | 0.7 | 194.10 | 101.16 | 295.26 | OK | |
r-devel-linux-x86_64-debian-gcc | 0.7 | 125.49 | 82.41 | 207.90 | OK | |
r-devel-linux-x86_64-fedora-clang | 0.7 | 414.02 | OK | |||
r-devel-linux-x86_64-fedora-gcc | 0.7 | 450.70 | OK | |||
r-devel-windows-x86_64 | 0.7 | 141.00 | 126.00 | 267.00 | OK | |
r-patched-linux-x86_64 | 0.7 | 147.43 | 102.26 | 249.69 | OK | |
r-release-linux-x86_64 | 0.7 | 147.22 | 102.19 | 249.41 | OK | |
r-release-macos-arm64 | 0.7 | 120.00 | NOTE | |||
r-release-macos-x86_64 | 0.7 | 198.00 | NOTE | |||
r-release-windows-x86_64 | 0.7 | 137.00 | 121.00 | 258.00 | OK | |
r-oldrel-macos-arm64 | 0.7 | 127.00 | NOTE | |||
r-oldrel-macos-x86_64 | 0.7 | 234.00 | NOTE | |||
r-oldrel-windows-x86_64 | 0.7 | 169.00 | 135.00 | 304.00 | OK |
Version: 0.7
Check: installed package size
Result: NOTE
installed size is 14.9Mb
sub-directories of 1Mb or more:
libs 14.2Mb
Flavors: r-release-macos-arm64, r-release-macos-x86_64, r-oldrel-macos-arm64, r-oldrel-macos-x86_64