Last updated on 2024-06-30 03:55:16 CEST.
Flavor | Version | Tinstall | Tcheck | Ttotal | Status | Flags |
---|---|---|---|---|---|---|
r-devel-linux-x86_64-debian-clang | 0.1.2 | 366.52 | 57.81 | 424.33 | OK | |
r-devel-linux-x86_64-debian-gcc | 0.1.2 | 252.46 | 37.70 | 290.16 | OK | |
r-devel-linux-x86_64-fedora-clang | 0.1.2 | 615.89 | OK | |||
r-devel-linux-x86_64-fedora-gcc | 0.1.2 | 696.72 | OK | |||
r-devel-windows-x86_64 | 0.1.2 | 270.00 | 82.00 | 352.00 | OK | |
r-patched-linux-x86_64 | 0.1.2 | 292.34 | 50.43 | 342.77 | OK | |
r-release-linux-x86_64 | 0.1.2 | 325.20 | 48.60 | 373.80 | OK | |
r-release-macos-arm64 | 0.1.2 | 103.00 | NOTE | |||
r-release-macos-x86_64 | 0.1.2 | 106.00 | NOTE | |||
r-release-windows-x86_64 | 0.1.2 | 267.00 | 85.00 | 352.00 | OK | |
r-oldrel-macos-arm64 | 0.1.2 | 111.00 | NOTE | |||
r-oldrel-macos-x86_64 | 0.1.2 | 134.00 | NOTE | |||
r-oldrel-windows-x86_64 | 0.1.2 | 328.00 | 98.00 | 426.00 | OK |
Version: 0.1.2
Check: installed package size
Result: NOTE
installed size is 13.1Mb
sub-directories of 1Mb or more:
libs 13.0Mb
Flavors: r-release-macos-arm64, r-release-macos-x86_64, r-oldrel-macos-arm64, r-oldrel-macos-x86_64