Last updated on 2024-06-08 03:49:37 CEST.
Flavor | Version | Tinstall | Tcheck | Ttotal | Status | Flags |
---|---|---|---|---|---|---|
r-devel-linux-x86_64-debian-clang | 1.1.2 | 180.99 | 90.63 | 271.62 | OK | |
r-devel-linux-x86_64-debian-gcc | 1.1.2 | 120.84 | 66.57 | 187.41 | OK | |
r-devel-linux-x86_64-fedora-clang | 1.1.2 | 414.36 | OK | |||
r-devel-linux-x86_64-fedora-gcc | 1.1.2 | 416.02 | OK | |||
r-devel-windows-x86_64 | 1.1.2 | 141.00 | 130.00 | 271.00 | OK | |
r-patched-linux-x86_64 | 1.1.2 | 154.27 | 84.75 | 239.02 | OK | |
r-release-linux-x86_64 | 1.1.2 | 145.18 | 84.29 | 229.47 | OK | |
r-release-macos-arm64 | 1.1.2 | 81.00 | NOTE | |||
r-release-macos-x86_64 | 1.1.2 | 133.00 | WARN | |||
r-release-windows-x86_64 | 1.1.2 | 144.00 | 135.00 | 279.00 | OK | |
r-oldrel-macos-arm64 | 1.1.2 | 97.00 | NOTE | |||
r-oldrel-macos-x86_64 | 1.1.2 | 116.00 | OK | |||
r-oldrel-windows-x86_64 | 1.1.2 | 177.00 | 138.00 | 315.00 | OK |
Version: 1.1.2
Check: installed package size
Result: NOTE
installed size is 5.3Mb
sub-directories of 1Mb or more:
libs 4.8Mb
Flavors: r-release-macos-arm64, r-oldrel-macos-arm64
Version: 1.1.2
Check: re-building of vignette outputs
Result: WARN
Error(s) in re-building vignettes:
...
--- re-building ‘mixedMem.Rnw’ using knitr
Error: processing vignette 'mixedMem.Rnw' failed with diagnostics:
Running 'texi2dvi' on 'mixedMem.tex' failed.
LaTeX errors:
! Undefined control sequence.
l.145 \hlkwd{library}\hldef
{(mixedMem)}
?
! Emergency stop.
! Emergency stop.
l.145
End of file on the terminal!
! ==> Fatal error occurred, no output PDF file produced!
--- failed re-building ‘mixedMem.Rnw’
SUMMARY: processing the following file failed:
‘mixedMem.Rnw’
Error: Vignette re-building failed.
Execution halted
Flavor: r-release-macos-x86_64