Last updated on 2024-06-30 03:55:16 CEST.
Flavor | Version | Tinstall | Tcheck | Ttotal | Status | Flags |
---|---|---|---|---|---|---|
r-devel-linux-x86_64-debian-clang | 0.1.0 | 4.92 | 60.89 | 65.81 | OK | |
r-devel-linux-x86_64-debian-gcc | 0.1.0 | 4.24 | 46.94 | 51.18 | OK | |
r-devel-linux-x86_64-fedora-clang | 0.1.0 | 89.64 | NOTE | |||
r-devel-linux-x86_64-fedora-gcc | 0.1.0 | 79.17 | OK | |||
r-devel-windows-x86_64 | 0.1.0 | 5.00 | 62.00 | 67.00 | OK | |
r-patched-linux-x86_64 | 0.1.0 | 5.66 | 60.67 | 66.33 | OK | |
r-release-linux-x86_64 | 0.1.0 | 4.75 | 60.09 | 64.84 | OK | |
r-release-macos-arm64 | 0.1.0 | 28.00 | OK | |||
r-release-macos-x86_64 | 0.1.0 | 44.00 | OK | |||
r-release-windows-x86_64 | 0.1.0 | 6.00 | 63.00 | 69.00 | OK | |
r-oldrel-macos-arm64 | 0.1.0 | 35.00 | OK | |||
r-oldrel-macos-x86_64 | 0.1.0 | 49.00 | OK | |||
r-oldrel-windows-x86_64 | 0.1.0 | 7.00 | 78.00 | 85.00 | OK |
Version: 0.1.0
Check: Rd cross-references
Result: NOTE
Undeclared package ‘future’ in Rd xrefs
Flavor: r-devel-linux-x86_64-fedora-clang