Last updated on 2024-08-16 03:49:29 CEST.
Flavor | Version | Tinstall | Tcheck | Ttotal | Status | Flags |
---|---|---|---|---|---|---|
r-devel-linux-x86_64-debian-clang | 1.0.4 | 52.38 | 81.67 | 134.05 | NOTE | |
r-devel-linux-x86_64-debian-gcc | 1.0.4 | 39.22 | 59.49 | 98.71 | NOTE | |
r-devel-linux-x86_64-fedora-clang | 1.0.4 | 238.03 | NOTE | |||
r-devel-linux-x86_64-fedora-gcc | 1.0.4 | 254.21 | NOTE | |||
r-devel-windows-x86_64 | 1.0.4 | 60.00 | 144459.00 | 144519.00 | NOTE | |
r-patched-linux-x86_64 | 1.0.4 | 53.29 | 78.51 | 131.80 | NOTE | |
r-release-linux-x86_64 | 1.0.4 | 56.85 | 77.49 | 134.34 | NOTE | |
r-release-macos-arm64 | 1.0.4 | 68.00 | NOTE | |||
r-release-macos-x86_64 | 1.0.4 | 86.00 | NOTE | |||
r-release-windows-x86_64 | 1.0.4 | 62.00 | 111.00 | 173.00 | NOTE | |
r-oldrel-macos-arm64 | 1.0.4 | 77.00 | NOTE | |||
r-oldrel-macos-x86_64 | 1.0.4 | 123.00 | NOTE | |||
r-oldrel-windows-x86_64 | 1.0.4 | 73.00 | 144.00 | 217.00 | NOTE |
Version: 1.0.4
Check: C++ specification
Result: NOTE
Specified C++11: please drop specification unless essential
Flavors: r-devel-linux-x86_64-debian-clang, r-devel-linux-x86_64-debian-gcc, r-devel-linux-x86_64-fedora-clang, r-devel-linux-x86_64-fedora-gcc, r-devel-windows-x86_64, r-patched-linux-x86_64, r-release-linux-x86_64, r-release-macos-arm64, r-release-macos-x86_64, r-release-windows-x86_64, r-oldrel-macos-arm64, r-oldrel-macos-x86_64, r-oldrel-windows-x86_64
Version: 1.0.4
Check: data for non-ASCII characters
Result: NOTE
Note: found 18 marked Latin-1 strings
Flavors: r-devel-linux-x86_64-fedora-clang, r-devel-linux-x86_64-fedora-gcc