Last updated on 2024-08-16 03:49:29 CEST.
Flavor | Version | Tinstall | Tcheck | Ttotal | Status | Flags |
---|---|---|---|---|---|---|
r-devel-linux-x86_64-debian-clang | 2.0.3 | 1.93 | 24.78 | 26.71 | OK | |
r-devel-linux-x86_64-debian-gcc | 2.0.3 | 1.54 | 18.64 | 20.18 | OK | |
r-devel-linux-x86_64-fedora-clang | 2.0.3 | 44.01 | NOTE | |||
r-devel-linux-x86_64-fedora-gcc | 2.0.3 | 41.15 | NOTE | |||
r-devel-windows-x86_64 | 2.0.3 | 3.00 | 47.00 | 50.00 | OK | |
r-patched-linux-x86_64 | 2.0.3 | 2.07 | 23.96 | 26.03 | OK | |
r-release-linux-x86_64 | 2.0.3 | 1.93 | 23.88 | 25.81 | OK | |
r-release-macos-arm64 | 2.0.3 | 18.00 | OK | |||
r-release-macos-x86_64 | 2.0.3 | 29.00 | OK | |||
r-release-windows-x86_64 | 2.0.3 | 3.00 | 47.00 | 50.00 | OK | |
r-oldrel-macos-arm64 | 2.0.3 | 20.00 | OK | |||
r-oldrel-macos-x86_64 | 2.0.3 | 44.00 | OK | |||
r-oldrel-windows-x86_64 | 2.0.3 | 4.00 | 53.00 | 57.00 | OK |
Version: 2.0.3
Check: data for non-ASCII characters
Result: NOTE
Note: found 1 marked UTF-8 string
Flavors: r-devel-linux-x86_64-fedora-clang, r-devel-linux-x86_64-fedora-gcc