Last updated on 2024-06-17 03:49:57 CEST.
Flavor | Version | Tinstall | Tcheck | Ttotal | Status | Flags |
---|---|---|---|---|---|---|
r-devel-linux-x86_64-debian-clang | 0.13.3 | 9.40 | 401.70 | 411.10 | NOTE | |
r-devel-linux-x86_64-debian-gcc | 0.13.3 | 6.04 | 289.40 | 295.44 | NOTE | |
r-devel-linux-x86_64-fedora-clang | 0.13.3 | 512.12 | NOTE | |||
r-devel-linux-x86_64-fedora-gcc | 0.13.3 | 486.75 | NOTE | |||
r-devel-windows-x86_64 | 0.13.3 | 9.00 | 140.00 | 149.00 | NOTE | --no-vignettes |
r-patched-linux-x86_64 | 0.13.3 | 15.83 | 1140.41 | 1156.24 | NOTE | |
r-release-linux-x86_64 | 0.13.3 | 5.90 | 375.95 | 381.85 | NOTE | |
r-release-macos-arm64 | 0.13.3 | 172.00 | NOTE | |||
r-release-macos-x86_64 | 0.13.3 | 324.00 | NOTE | |||
r-release-windows-x86_64 | 0.13.3 | 9.00 | 149.00 | 158.00 | NOTE | --no-vignettes |
r-oldrel-macos-arm64 | 0.13.3 | 404.00 | OK | |||
r-oldrel-macos-x86_64 | 0.13.3 | 396.00 | OK | |||
r-oldrel-windows-x86_64 | 0.13.3 | 11.00 | 156.00 | 167.00 | OK | --no-vignettes |
Version: 0.13.3
Check: Rd files
Result: NOTE
checkRd: (-1) render.d3movie.Rd:104: Lost braces in \itemize; meant \describe ?
checkRd: (-1) render.d3movie.Rd:105: Lost braces in \itemize; meant \describe ?
checkRd: (-1) render.d3movie.Rd:106: Lost braces in \itemize; meant \describe ?
checkRd: (-1) render.d3movie.Rd:107: Lost braces in \itemize; meant \describe ?
checkRd: (-1) render.d3movie.Rd:108: Lost braces in \itemize; meant \describe ?
checkRd: (-1) render.d3movie.Rd:109: Lost braces in \itemize; meant \describe ?
checkRd: (-1) render.d3movie.Rd:110: Lost braces in \itemize; meant \describe ?
checkRd: (-1) render.d3movie.Rd:111: Lost braces in \itemize; meant \describe ?
checkRd: (-1) render.d3movie.Rd:112: Lost braces in \itemize; meant \describe ?
checkRd: (-1) render.d3movie.Rd:113: Lost braces in \itemize; meant \describe ?
checkRd: (-1) render.d3movie.Rd:114: Lost braces in \itemize; meant \describe ?
checkRd: (-1) render.d3movie.Rd:115: Lost braces in \itemize; meant \describe ?
checkRd: (-1) render.d3movie.Rd:116: Lost braces in \itemize; meant \describe ?
checkRd: (-1) render.d3movie.Rd:117: Lost braces in \itemize; meant \describe ?
checkRd: (-1) render.d3movie.Rd:118: Lost braces in \itemize; meant \describe ?
checkRd: (-1) render.d3movie.Rd:119: Lost braces in \itemize; meant \describe ?
checkRd: (-1) render.d3movie.Rd:126: Lost braces in \itemize; meant \describe ?
checkRd: (-1) render.d3movie.Rd:127: Lost braces in \itemize; meant \describe ?
checkRd: (-1) render.d3movie.Rd:136: Lost braces in \itemize; meant \describe ?
checkRd: (-1) render.d3movie.Rd:137: Lost braces in \itemize; meant \describe ?
checkRd: (-1) render.d3movie.Rd:138: Lost braces in \itemize; meant \describe ?
checkRd: (-1) render.d3movie.Rd:139: Lost braces in \itemize; meant \describe ?
checkRd: (-1) render.d3movie.Rd:141: Lost braces in \itemize; meant \describe ?
checkRd: (-1) render.d3movie.Rd:142: Lost braces in \itemize; meant \describe ?
checkRd: (-1) render.d3movie.Rd:143: Lost braces in \itemize; meant \describe ?
checkRd: (-1) render.d3movie.Rd:144: Lost braces in \itemize; meant \describe ?
Flavors: r-devel-linux-x86_64-debian-clang, r-devel-linux-x86_64-debian-gcc, r-devel-linux-x86_64-fedora-clang, r-devel-linux-x86_64-fedora-gcc, r-patched-linux-x86_64, r-release-linux-x86_64, r-release-macos-arm64, r-release-macos-x86_64
Version: 0.13.3
Flags: --no-vignettes
Check: Rd files
Result: NOTE
checkRd: (-1) render.d3movie.Rd:104: Lost braces in \itemize; meant \describe ?
checkRd: (-1) render.d3movie.Rd:105: Lost braces in \itemize; meant \describe ?
checkRd: (-1) render.d3movie.Rd:106: Lost braces in \itemize; meant \describe ?
checkRd: (-1) render.d3movie.Rd:107: Lost braces in \itemize; meant \describe ?
checkRd: (-1) render.d3movie.Rd:108: Lost braces in \itemize; meant \describe ?
checkRd: (-1) render.d3movie.Rd:109: Lost braces in \itemize; meant \describe ?
checkRd: (-1) render.d3movie.Rd:110: Lost braces in \itemize; meant \describe ?
checkRd: (-1) render.d3movie.Rd:111: Lost braces in \itemize; meant \describe ?
checkRd: (-1) render.d3movie.Rd:112: Lost braces in \itemize; meant \describe ?
checkRd: (-1) render.d3movie.Rd:113: Lost braces in \itemize; meant \describe ?
checkRd: (-1) render.d3movie.Rd:114: Lost braces in \itemize; meant \describe ?
checkRd: (-1) render.d3movie.Rd:115: Lost braces in \itemize; meant \describe ?
checkRd: (-1) render.d3movie.Rd:116: Lost braces in \itemize; meant \describe ?
checkRd: (-1) render.d3movie.Rd:117: Lost braces in \itemize; meant \describe ?
checkRd: (-1) render.d3movie.Rd:118: Lost braces in \itemize; meant \describe ?
checkRd: (-1) render.d3movie.Rd:119: Lost braces in \itemize; meant \describe ?
checkRd: (-1) render.d3movie.Rd:126: Lost braces in \itemize; meant \describe ?
checkRd: (-1) render.d3movie.Rd:127: Lost braces in \itemize; meant \describe ?
checkRd: (-1) render.d3movie.Rd:136: Lost braces in \itemize; meant \describe ?
checkRd: (-1) render.d3movie.Rd:137: Lost braces in \itemize; meant \describe ?
checkRd: (-1) render.d3movie.Rd:138: Lost braces in \itemize; meant \describe ?
checkRd: (-1) render.d3movie.Rd:139: Lost braces in \itemize; meant \describe ?
checkRd: (-1) render.d3movie.Rd:141: Lost braces in \itemize; meant \describe ?
checkRd: (-1) render.d3movie.Rd:142: Lost braces in \itemize; meant \describe ?
checkRd: (-1) render.d3movie.Rd:143: Lost braces in \itemize; meant \describe ?
checkRd: (-1) render.d3movie.Rd:144: Lost braces in \itemize; meant \describe ?
Flavors: r-devel-windows-x86_64, r-release-windows-x86_64