Last updated on 2024-06-30 03:55:17 CEST.
Flavor | Version | Tinstall | Tcheck | Ttotal | Status | Flags |
---|---|---|---|---|---|---|
r-devel-linux-x86_64-debian-clang | 0.9.0 | 11.57 | 125.71 | 137.28 | OK | |
r-devel-linux-x86_64-debian-gcc | 0.9.0 | 8.77 | 87.72 | 96.49 | OK | |
r-devel-linux-x86_64-fedora-clang | 0.9.0 | 158.96 | NOTE | |||
r-devel-linux-x86_64-fedora-gcc | 0.9.0 | 149.38 | NOTE | |||
r-devel-windows-x86_64 | 0.9.0 | 10.00 | 97.00 | 107.00 | OK | |
r-patched-linux-x86_64 | 0.9.0 | 11.12 | 109.52 | 120.64 | OK | |
r-release-linux-x86_64 | 0.9.0 | 10.01 | 114.47 | 124.48 | OK | |
r-release-macos-arm64 | 0.9.0 | 45.00 | OK | |||
r-release-macos-x86_64 | 0.9.0 | 66.00 | OK | |||
r-release-windows-x86_64 | 0.9.0 | 10.00 | 98.00 | 108.00 | OK | |
r-oldrel-macos-arm64 | 0.9.0 | 569.00 | OK | |||
r-oldrel-macos-x86_64 | 0.9.0 | 527.00 | OK | |||
r-oldrel-windows-x86_64 | 0.9.0 | 12.00 | 123.00 | 135.00 | OK |
Version: 0.9.0
Check: data for non-ASCII characters
Result: NOTE
Note: found 5170 marked UTF-8 strings
Flavors: r-devel-linux-x86_64-fedora-clang, r-devel-linux-x86_64-fedora-gcc