Last updated on 2024-08-16 03:49:30 CEST.
Flavor | Version | Tinstall | Tcheck | Ttotal | Status | Flags |
---|---|---|---|---|---|---|
r-devel-linux-x86_64-debian-clang | 1.9.7 | 19.40 | 367.11 | 386.51 | NOTE | |
r-devel-linux-x86_64-debian-gcc | 1.9.7 | 10.53 | 244.43 | 254.96 | NOTE | |
r-devel-linux-x86_64-fedora-clang | 1.9.7 | 617.49 | OK | |||
r-devel-linux-x86_64-fedora-gcc | 1.9.7 | 610.39 | OK | |||
r-devel-windows-x86_64 | 1.9.7 | 19.00 | 353.00 | 372.00 | NOTE | |
r-patched-linux-x86_64 | 1.9.7 | 20.15 | 346.13 | 366.28 | OK | |
r-release-linux-x86_64 | 1.9.7 | 17.75 | 351.17 | 368.92 | OK | |
r-release-macos-arm64 | 1.9.7 | 158.00 | OK | |||
r-release-macos-x86_64 | 1.9.7 | 258.00 | OK | |||
r-release-windows-x86_64 | 1.9.7 | 18.00 | 344.00 | 362.00 | OK | |
r-oldrel-macos-arm64 | 1.9.7 | 166.00 | OK | |||
r-oldrel-macos-x86_64 | 1.9.7 | 362.00 | OK | |||
r-oldrel-windows-x86_64 | 1.9.7 | 23.00 | 440.00 | 463.00 | OK |
Version: 1.9.7
Check: Rd cross-references
Result: NOTE
Found the following Rd file(s) with Rd \link{} targets missing package
anchors:
nlsLMList.formula.Rd: nlsList
predict_nlme.Rd: predict.nlme, predict.lme, predict.gnls
Please provide package anchors for all Rd \link{} targets not in the
package itself and the base packages.
Flavors: r-devel-linux-x86_64-debian-clang, r-devel-linux-x86_64-debian-gcc, r-devel-windows-x86_64