Last updated on 2024-08-16 03:49:30 CEST.
Flavor | Version | Tinstall | Tcheck | Ttotal | Status | Flags |
---|---|---|---|---|---|---|
r-devel-linux-x86_64-debian-clang | 1.2-0 | 1.56 | 16.18 | 17.74 | NOTE | |
r-devel-linux-x86_64-debian-gcc | 1.2-0 | 1.22 | 13.52 | 14.74 | NOTE | |
r-devel-linux-x86_64-fedora-clang | 1.2-0 | 28.39 | NOTE | |||
r-devel-linux-x86_64-fedora-gcc | 1.2-0 | 26.64 | NOTE | |||
r-devel-windows-x86_64 | 1.2-0 | 2.00 | 35.00 | 37.00 | NOTE | |
r-patched-linux-x86_64 | 1.2-0 | 1.04 | 15.69 | 16.73 | NOTE | |
r-release-linux-x86_64 | 1.2-0 | 1.40 | 15.66 | 17.06 | NOTE | |
r-release-macos-arm64 | 1.2-0 | 14.00 | NOTE | |||
r-release-macos-x86_64 | 1.2-0 | 19.00 | NOTE | |||
r-release-windows-x86_64 | 1.2-0 | 2.00 | 34.00 | 36.00 | NOTE | |
r-oldrel-macos-arm64 | 1.2-0 | 15.00 | NOTE | |||
r-oldrel-macos-x86_64 | 1.2-0 | 18.00 | NOTE | |||
r-oldrel-windows-x86_64 | 1.2-0 | 3.00 | 33.00 | 36.00 | NOTE |
Version: 1.2-0
Check: Rd files
Result: NOTE
checkRd: (-1) nppbib.Rd:28: Escaped LaTeX specials: \#
Flavors: r-devel-linux-x86_64-debian-clang, r-devel-linux-x86_64-debian-gcc, r-devel-linux-x86_64-fedora-clang, r-devel-linux-x86_64-fedora-gcc, r-devel-windows-x86_64, r-patched-linux-x86_64, r-release-linux-x86_64, r-release-macos-arm64, r-release-macos-x86_64, r-release-windows-x86_64, r-oldrel-macos-arm64, r-oldrel-macos-x86_64, r-oldrel-windows-x86_64