Last updated on 2024-08-16 03:49:30 CEST.
Flavor | Version | Tinstall | Tcheck | Ttotal | Status | Flags |
---|---|---|---|---|---|---|
r-devel-linux-x86_64-debian-clang | 0.4.0 | 10.45 | 52.53 | 62.98 | OK | |
r-devel-linux-x86_64-debian-gcc | 0.4.0 | 6.73 | 37.93 | 44.66 | OK | |
r-devel-linux-x86_64-fedora-clang | 0.4.0 | 100.31 | NOTE | |||
r-devel-linux-x86_64-fedora-gcc | 0.4.0 | 110.19 | NOTE | |||
r-devel-windows-x86_64 | 0.4.0 | 10.00 | 70.00 | 80.00 | OK | |
r-patched-linux-x86_64 | 0.4.0 | 11.15 | 50.32 | 61.47 | OK | |
r-release-linux-x86_64 | 0.4.0 | 10.57 | 51.48 | 62.05 | OK | |
r-release-macos-arm64 | 0.4.0 | 37.00 | OK | |||
r-release-macos-x86_64 | 0.4.0 | 58.00 | OK | |||
r-release-windows-x86_64 | 0.4.0 | 10.00 | 77.00 | 87.00 | OK | |
r-oldrel-macos-arm64 | 0.4.0 | 41.00 | NOTE | |||
r-oldrel-macos-x86_64 | 0.4.0 | 58.00 | OK | |||
r-oldrel-windows-x86_64 | 0.4.0 | 11.00 | 80.00 | 91.00 | OK |
Version: 0.4.0
Check: data for non-ASCII characters
Result: NOTE
Note: found 6409 marked UTF-8 strings
Flavors: r-devel-linux-x86_64-fedora-clang, r-devel-linux-x86_64-fedora-gcc
Version: 0.4.0
Check: installed package size
Result: NOTE
installed size is 5.3Mb
sub-directories of 1Mb or more:
data 5.0Mb
Flavor: r-oldrel-macos-arm64