Last updated on 2024-08-16 03:49:31 CEST.
Flavor | Version | Tinstall | Tcheck | Ttotal | Status | Flags |
---|---|---|---|---|---|---|
r-devel-linux-x86_64-debian-clang | 0.5.2 | 75.10 | 134.61 | 209.71 | OK | |
r-devel-linux-x86_64-debian-gcc | 0.5.2 | 51.71 | 98.00 | 149.71 | OK | |
r-devel-linux-x86_64-fedora-clang | 0.5.2 | 365.04 | OK | |||
r-devel-linux-x86_64-fedora-gcc | 0.5.2 | 371.75 | OK | |||
r-devel-windows-x86_64 | 0.5.2 | 74.00 | 193.00 | 267.00 | OK | |
r-patched-linux-x86_64 | 0.5.2 | 74.15 | 126.92 | 201.07 | OK | |
r-release-linux-x86_64 | 0.5.2 | 68.22 | 129.32 | 197.54 | OK | |
r-release-macos-arm64 | 0.5.2 | 119.00 | NOTE | |||
r-release-macos-x86_64 | 0.5.2 | 253.00 | NOTE | |||
r-release-windows-x86_64 | 0.5.2 | 75.00 | 194.00 | 269.00 | OK | |
r-oldrel-macos-arm64 | 0.5.2 | 124.00 | NOTE | |||
r-oldrel-macos-x86_64 | 0.5.2 | 220.00 | NOTE | |||
r-oldrel-windows-x86_64 | 0.5.2 | 98.00 | 233.00 | 331.00 | OK |
Version: 0.5.2
Check: installed package size
Result: NOTE
installed size is 8.1Mb
sub-directories of 1Mb or more:
libs 7.5Mb
Flavors: r-release-macos-arm64, r-release-macos-x86_64, r-oldrel-macos-arm64, r-oldrel-macos-x86_64