Last updated on 2024-08-16 03:49:31 CEST.
Flavor | Version | Tinstall | Tcheck | Ttotal | Status | Flags |
---|---|---|---|---|---|---|
r-devel-linux-x86_64-debian-clang | 1.0.2.1 | 2.28 | 26.86 | 29.14 | NOTE | |
r-devel-linux-x86_64-debian-gcc | 1.0.2.1 | 1.68 | 20.75 | 22.43 | NOTE | |
r-devel-linux-x86_64-fedora-clang | 1.0.2.1 | 45.76 | NOTE | |||
r-devel-linux-x86_64-fedora-gcc | 1.0.2.1 | 42.98 | NOTE | |||
r-devel-windows-x86_64 | 1.0.2.1 | 5.00 | 49.00 | 54.00 | NOTE | |
r-patched-linux-x86_64 | 1.0.2.1 | 2.39 | 25.74 | 28.13 | NOTE | |
r-release-linux-x86_64 | 1.0.2.1 | 2.24 | 25.71 | 27.95 | NOTE | |
r-release-macos-arm64 | 1.0.2.1 | 20.00 | NOTE | |||
r-release-macos-x86_64 | 1.0.2.1 | 25.00 | NOTE | |||
r-release-windows-x86_64 | 1.0.2.1 | 4.00 | 48.00 | 52.00 | NOTE | |
r-oldrel-macos-arm64 | 1.0.2.1 | 20.00 | NOTE | |||
r-oldrel-macos-x86_64 | 1.0.2.1 | 27.00 | NOTE | |||
r-oldrel-windows-x86_64 | 1.0.2.1 | 5.00 | 51.00 | 56.00 | NOTE |
Version: 1.0.2.1
Check: LazyData
Result: NOTE
'LazyData' is specified without a 'data' directory
Flavors: r-devel-linux-x86_64-debian-clang, r-devel-linux-x86_64-debian-gcc, r-devel-linux-x86_64-fedora-clang, r-devel-linux-x86_64-fedora-gcc, r-devel-windows-x86_64, r-patched-linux-x86_64, r-release-linux-x86_64, r-release-macos-arm64, r-release-macos-x86_64, r-release-windows-x86_64, r-oldrel-macos-arm64, r-oldrel-macos-x86_64, r-oldrel-windows-x86_64