Last updated on 2024-06-30 03:55:18 CEST.
Flavor | Version | Tinstall | Tcheck | Ttotal | Status | Flags |
---|---|---|---|---|---|---|
r-devel-linux-x86_64-debian-clang | 1.0 | 10.99 | 99.45 | 110.44 | OK | |
r-devel-linux-x86_64-debian-gcc | 1.0 | 8.61 | 75.87 | 84.48 | OK | |
r-devel-linux-x86_64-fedora-clang | 1.0 | 144.30 | NOTE | |||
r-devel-linux-x86_64-fedora-gcc | 1.0 | 141.16 | NOTE | |||
r-devel-windows-x86_64 | 1.0 | 11.00 | 88.00 | 99.00 | OK | |
r-patched-linux-x86_64 | 1.0 | 12.56 | 99.36 | 111.92 | OK | |
r-release-linux-x86_64 | 1.0 | 6.86 | 96.67 | 103.53 | OK | |
r-release-macos-arm64 | 1.0 | 43.00 | OK | |||
r-release-macos-x86_64 | 1.0 | 60.00 | OK | |||
r-release-windows-x86_64 | 1.0 | 11.00 | 91.00 | 102.00 | OK | |
r-oldrel-macos-arm64 | 1.0 | 48.00 | OK | |||
r-oldrel-macos-x86_64 | 1.0 | 72.00 | OK | |||
r-oldrel-windows-x86_64 | 1.0 | 13.00 | 107.00 | 120.00 | OK |
Version: 1.0
Check: dependencies in R code
Result: NOTE
Namespace in Imports field not imported from: ‘Matrix’
All declared Imports should be used.
Flavors: r-devel-linux-x86_64-fedora-clang, r-devel-linux-x86_64-fedora-gcc