Last updated on 2024-06-30 03:55:18 CEST.
Flavor | Version | Tinstall | Tcheck | Ttotal | Status | Flags |
---|---|---|---|---|---|---|
r-devel-linux-x86_64-debian-clang | 0.6.1 | 139.29 | 372.73 | 512.02 | OK | |
r-devel-linux-x86_64-debian-gcc | 0.6.1 | 103.07 | 266.86 | 369.93 | OK | |
r-devel-linux-x86_64-fedora-clang | 0.6.1 | 623.40 | NOTE | |||
r-devel-linux-x86_64-fedora-gcc | 0.6.1 | 582.87 | OK | |||
r-devel-windows-x86_64 | 0.6.1 | 109.00 | 465.00 | 574.00 | NOTE | |
r-patched-linux-x86_64 | 0.6.1 | 150.41 | 355.40 | 505.81 | OK | |
r-release-linux-x86_64 | 0.6.1 | 133.84 | 355.13 | 488.97 | OK | |
r-release-macos-arm64 | 0.6.1 | 143.00 | NOTE | |||
r-release-macos-x86_64 | 0.6.1 | 220.00 | NOTE | |||
r-release-windows-x86_64 | 0.6.1 | 110.00 | 463.00 | 573.00 | NOTE | |
r-oldrel-macos-arm64 | 0.6.1 | 141.00 | NOTE | |||
r-oldrel-macos-x86_64 | 0.6.1 | 267.00 | NOTE | |||
r-oldrel-windows-x86_64 | 0.6.1 | 144.00 | 526.00 | 670.00 | NOTE |
Version: 0.6.1
Check: installed package size
Result: NOTE
installed size is 6.4Mb
sub-directories of 1Mb or more:
R 2.6Mb
help 3.6Mb
Flavors: r-devel-linux-x86_64-fedora-clang, r-devel-windows-x86_64, r-release-macos-arm64, r-release-macos-x86_64, r-release-windows-x86_64, r-oldrel-macos-arm64, r-oldrel-macos-x86_64, r-oldrel-windows-x86_64