Last updated on 2024-06-30 03:55:18 CEST.
Flavor | Version | Tinstall | Tcheck | Ttotal | Status | Flags |
---|---|---|---|---|---|---|
r-devel-linux-x86_64-debian-clang | 3.4.0 | 24.49 | 37.24 | 61.73 | OK | |
r-devel-linux-x86_64-debian-gcc | 3.4.0 | 19.17 | 29.09 | 48.26 | OK | |
r-devel-linux-x86_64-fedora-clang | 3.4.0 | 91.31 | NOTE | |||
r-devel-linux-x86_64-fedora-gcc | 3.4.0 | 90.40 | OK | |||
r-devel-windows-x86_64 | 3.4.0 | 36.00 | 108.00 | 144.00 | NOTE | |
r-patched-linux-x86_64 | 3.4.0 | 20.04 | 35.46 | 55.50 | OK | |
r-release-linux-x86_64 | 3.4.0 | 23.10 | 36.30 | 59.40 | OK | |
r-release-macos-arm64 | 3.4.0 | 33.00 | NOTE | |||
r-release-macos-x86_64 | 3.4.0 | 46.00 | NOTE | |||
r-release-windows-x86_64 | 3.4.0 | 37.00 | 115.00 | 152.00 | NOTE | |
r-oldrel-macos-arm64 | 3.4.0 | 126.00 | NOTE | |||
r-oldrel-macos-x86_64 | 3.4.0 | 130.00 | NOTE | |||
r-oldrel-windows-x86_64 | 3.4.0 | 42.00 | 133.00 | 175.00 | NOTE |
Version: 3.4.0
Check: package dependencies
Result: NOTE
Package suggested but not available for checking: ‘tesseract’
Flavor: r-devel-linux-x86_64-fedora-clang
Version: 3.4.0
Check: installed package size
Result: NOTE
installed size is 20.3Mb
sub-directories of 1Mb or more:
libs 7.4Mb
share 12.8Mb
Flavors: r-devel-windows-x86_64, r-release-macos-arm64, r-release-macos-x86_64, r-release-windows-x86_64, r-oldrel-macos-arm64, r-oldrel-macos-x86_64, r-oldrel-windows-x86_64