Last updated on 2024-06-30 03:55:18 CEST.
Flavor | Version | Tinstall | Tcheck | Ttotal | Status | Flags |
---|---|---|---|---|---|---|
r-devel-linux-x86_64-debian-clang | 0.2.2 | 2.03 | 44.71 | 46.74 | NOTE | |
r-devel-linux-x86_64-debian-gcc | 0.2.2 | 1.76 | 34.14 | 35.90 | NOTE | |
r-devel-linux-x86_64-fedora-clang | 0.2.2 | 59.66 | NOTE | |||
r-devel-linux-x86_64-fedora-gcc | 0.2.2 | 54.74 | NOTE | |||
r-devel-windows-x86_64 | 0.2.2 | 3.00 | 59.00 | 62.00 | NOTE | |
r-patched-linux-x86_64 | 0.2.2 | 2.28 | 42.93 | 45.21 | NOTE | |
r-release-linux-x86_64 | 0.2.2 | 1.51 | 43.39 | 44.90 | NOTE | |
r-release-macos-arm64 | 0.2.2 | 25.00 | NOTE | |||
r-release-macos-x86_64 | 0.2.2 | 31.00 | NOTE | |||
r-release-windows-x86_64 | 0.2.2 | 3.00 | 59.00 | 62.00 | NOTE | |
r-oldrel-macos-arm64 | 0.2.2 | 23.00 | NOTE | |||
r-oldrel-macos-x86_64 | 0.2.2 | 30.00 | NOTE | |||
r-oldrel-windows-x86_64 | 0.2.2 | 3.00 | 59.00 | 62.00 | NOTE |
Version: 0.2.2
Check: LazyData
Result: NOTE
'LazyData' is specified without a 'data' directory
Flavors: r-devel-linux-x86_64-debian-clang, r-devel-linux-x86_64-debian-gcc, r-devel-linux-x86_64-fedora-clang, r-devel-linux-x86_64-fedora-gcc, r-devel-windows-x86_64, r-patched-linux-x86_64, r-release-linux-x86_64, r-release-macos-arm64, r-release-macos-x86_64, r-release-windows-x86_64, r-oldrel-macos-arm64, r-oldrel-macos-x86_64, r-oldrel-windows-x86_64