Last updated on 2024-06-30 03:55:19 CEST.
Flavor | Version | Tinstall | Tcheck | Ttotal | Status | Flags |
---|---|---|---|---|---|---|
r-devel-linux-x86_64-debian-clang | 1.0.2 | 74.25 | 41.94 | 116.19 | NOTE | |
r-devel-linux-x86_64-debian-gcc | 1.0.2 | 46.93 | 31.17 | 78.10 | NOTE | |
r-devel-linux-x86_64-fedora-clang | 1.0.2 | 162.65 | NOTE | |||
r-devel-linux-x86_64-fedora-gcc | 1.0.2 | 165.58 | NOTE | |||
r-devel-windows-x86_64 | 1.0.2 | 55.00 | 73.00 | 128.00 | NOTE | |
r-patched-linux-x86_64 | 1.0.2 | 56.64 | 39.64 | 96.28 | NOTE | |
r-release-linux-x86_64 | 1.0.2 | 62.04 | 39.52 | 101.56 | NOTE | |
r-release-macos-arm64 | 1.0.2 | 37.00 | NOTE | |||
r-release-macos-x86_64 | 1.0.2 | 49.00 | NOTE | |||
r-release-windows-x86_64 | 1.0.2 | 57.00 | 75.00 | 132.00 | NOTE | |
r-oldrel-macos-arm64 | 1.0.2 | 42.00 | OK | |||
r-oldrel-macos-x86_64 | 1.0.2 | 61.00 | OK | |||
r-oldrel-windows-x86_64 | 1.0.2 | 67.00 | 80.00 | 147.00 | OK |
Version: 1.0.2
Check: Rd files
Result: NOTE
checkRd: (-1) pqrBayes.Rd:58: Lost braces; missing escapes or markup?
58 | When {sparse=TRUE} (default), spike--and--slab priors are adopted. Otherwise, Laplacian shrinkage will be used.
| ^
checkRd: (-1) pqrBayes.Rd:62: Lost braces in \itemize; meant \describe ?
checkRd: (-1) pqrBayes.Rd:63: Lost braces in \itemize; meant \describe ?
Flavors: r-devel-linux-x86_64-debian-clang, r-devel-linux-x86_64-debian-gcc, r-devel-linux-x86_64-fedora-clang, r-devel-linux-x86_64-fedora-gcc, r-devel-windows-x86_64, r-patched-linux-x86_64, r-release-linux-x86_64, r-release-macos-arm64, r-release-macos-x86_64, r-release-windows-x86_64