Last updated on 2024-06-16 02:55:32 CEST.
Flavor | Version | Tinstall | Tcheck | Ttotal | Status | Flags |
---|---|---|---|---|---|---|
r-devel-linux-x86_64-debian-clang | 2.4.3 | 66.69 | 430.08 | 496.77 | OK | |
r-devel-linux-x86_64-debian-gcc | 2.4.3 | 52.46 | 286.02 | 338.48 | OK | |
r-devel-linux-x86_64-fedora-clang | 2.4.3 | 599.33 | OK | |||
r-devel-linux-x86_64-fedora-gcc | 2.4.3 | 577.27 | OK | |||
r-devel-windows-x86_64 | 2.4.3 | 50.00 | 339.00 | 389.00 | OK | |
r-patched-linux-x86_64 | 2.4.3 | 73.16 | 399.72 | 472.88 | OK | |
r-release-linux-x86_64 | 2.4.3 | 61.92 | 397.34 | 459.26 | OK | |
r-release-macos-arm64 | 2.4.3 | 136.00 | OK | |||
r-release-macos-x86_64 | 2.4.3 | 209.00 | WARN | |||
r-release-windows-x86_64 | 2.4.3 | 52.00 | 339.00 | 391.00 | OK | |
r-oldrel-macos-arm64 | 2.4.3 | 132.00 | OK | |||
r-oldrel-macos-x86_64 | 2.4.3 | 425.00 | OK | |||
r-oldrel-windows-x86_64 | 2.4.3 | 72.00 | 419.00 | 491.00 | OK |
Version: 2.4.3
Check: re-building of vignette outputs
Result: WARN
Error(s) in re-building vignettes:
...
--- re-building ‘scoring.Rnw’ using knitr
Error: processing vignette 'scoring.Rnw' failed with diagnostics:
Running 'texi2dvi' on 'scoring.tex' failed.
LaTeX errors:
! Undefined control sequence.
l.222 \hlkwd{library}\hldef
{(psych)}
?
! Emergency stop.
! Emergency stop.
l.222
End of file on the terminal!
! ==> Fatal error occurred, no output PDF file produced!
--- failed re-building ‘scoring.Rnw’
SUMMARY: processing the following file failed:
‘scoring.Rnw’
Error: Vignette re-building failed.
Execution halted
Flavor: r-release-macos-x86_64