Last updated on 2024-08-16 03:49:33 CEST.
Flavor | Version | Tinstall | Tcheck | Ttotal | Status | Flags |
---|---|---|---|---|---|---|
r-devel-linux-x86_64-debian-clang | 0.2.7 | 9.93 | 187.72 | 197.65 | OK | |
r-devel-linux-x86_64-debian-gcc | 0.2.7 | 6.75 | 132.24 | 138.99 | OK | |
r-devel-linux-x86_64-fedora-clang | 0.2.7 | 307.93 | OK | |||
r-devel-linux-x86_64-fedora-gcc | 0.2.7 | 304.67 | OK | |||
r-devel-windows-x86_64 | 0.2.7 | 11.00 | 191.00 | 202.00 | OK | |
r-patched-linux-x86_64 | 0.2.7 | 8.59 | 172.36 | 180.95 | OK | |
r-release-linux-x86_64 | 0.2.7 | 9.96 | 174.52 | 184.48 | OK | |
r-release-macos-arm64 | 0.2.7 | 88.00 | OK | |||
r-release-macos-x86_64 | 0.2.7 | 145.00 | OK | |||
r-release-windows-x86_64 | 0.2.7 | 11.00 | 184.00 | 195.00 | OK | |
r-oldrel-macos-arm64 | 0.2.7 | 101.00 | OK | |||
r-oldrel-macos-x86_64 | 0.2.7 | 97.00 | NOTE | |||
r-oldrel-windows-x86_64 | 0.2.7 | 14.00 | 230.00 | 244.00 | OK |
Version: 0.2.7
Check: package dependencies
Result: NOTE
Packages suggested but not available for checking: 'glmmTMB', 'DHARMa'
Flavor: r-oldrel-macos-x86_64