Last updated on 2024-06-30 03:55:19 CEST.
Flavor | Version | Tinstall | Tcheck | Ttotal | Status | Flags |
---|---|---|---|---|---|---|
r-devel-linux-x86_64-debian-clang | 0.1.0 | 46.68 | 295.13 | 341.81 | NOTE | |
r-devel-linux-x86_64-debian-gcc | 0.1.0 | 36.43 | 206.35 | 242.78 | NOTE | |
r-devel-linux-x86_64-fedora-clang | 0.1.0 | 451.41 | NOTE | |||
r-devel-linux-x86_64-fedora-gcc | 0.1.0 | 405.05 | NOTE | |||
r-devel-windows-x86_64 | 0.1.0 | 43.00 | 188.00 | 231.00 | NOTE | |
r-patched-linux-x86_64 | 0.1.0 | 41.87 | 275.15 | 317.02 | NOTE | |
r-release-linux-x86_64 | 0.1.0 | 48.25 | 276.28 | 324.53 | NOTE | |
r-release-macos-arm64 | 0.1.0 | 86.00 | NOTE | |||
r-release-macos-x86_64 | 0.1.0 | 141.00 | NOTE | |||
r-release-windows-x86_64 | 0.1.0 | 43.00 | 189.00 | 232.00 | NOTE | |
r-oldrel-macos-arm64 | 0.1.0 | 95.00 | NOTE | |||
r-oldrel-macos-x86_64 | 0.1.0 | 182.00 | NOTE | |||
r-oldrel-windows-x86_64 | 0.1.0 | 55.00 | 260.00 | 315.00 | NOTE |
Version: 0.1.0
Check: LazyData
Result: NOTE
'LazyData' is specified without a 'data' directory
Flavors: r-devel-linux-x86_64-debian-clang, r-devel-linux-x86_64-debian-gcc, r-devel-linux-x86_64-fedora-clang, r-devel-linux-x86_64-fedora-gcc, r-devel-windows-x86_64, r-patched-linux-x86_64, r-release-linux-x86_64, r-release-macos-arm64, r-release-macos-x86_64, r-release-windows-x86_64, r-oldrel-macos-arm64, r-oldrel-macos-x86_64, r-oldrel-windows-x86_64
Version: 0.1.0
Check: compiled code
Result: NOTE
File ‘qrencoder/libs/qrencoder.so’:
Found no calls to: ‘R_registerRoutines’, ‘R_useDynamicSymbols’
It is good practice to register native routines and to disable symbol
search.
See ‘Writing portable packages’ in the ‘Writing R Extensions’ manual.
Flavors: r-devel-linux-x86_64-fedora-clang, r-devel-linux-x86_64-fedora-gcc