Last updated on 2024-06-30 03:55:19 CEST.
Flavor | Version | Tinstall | Tcheck | Ttotal | Status | Flags |
---|---|---|---|---|---|---|
r-devel-linux-x86_64-debian-clang | 1.1.1 | 84.56 | 118.24 | 202.80 | NOTE | |
r-devel-linux-x86_64-debian-gcc | 1.1.1 | 57.94 | 104.65 | 162.59 | NOTE | |
r-devel-linux-x86_64-fedora-clang | 1.1.1 | 295.36 | NOTE | |||
r-devel-linux-x86_64-fedora-gcc | 1.1.1 | 275.98 | NOTE | |||
r-devel-windows-x86_64 | 1.1.1 | 69.00 | 124.00 | 193.00 | NOTE | |
r-patched-linux-x86_64 | 1.1.1 | 69.81 | 128.91 | 198.72 | NOTE | |
r-release-linux-x86_64 | 1.1.1 | 74.37 | 126.97 | 201.34 | NOTE | |
r-release-macos-arm64 | 1.1.1 | 61.00 | NOTE | |||
r-release-macos-x86_64 | 1.1.1 | 89.00 | NOTE | |||
r-release-windows-x86_64 | 1.1.1 | 71.00 | 114.00 | 185.00 | NOTE | |
r-oldrel-macos-arm64 | 1.1.1 | 73.00 | NOTE | |||
r-oldrel-macos-x86_64 | 1.1.1 | 131.00 | NOTE | |||
r-oldrel-windows-x86_64 | 1.1.1 | 89.00 | 150.00 | 239.00 | NOTE |
Version: 1.1.1
Check: C++ specification
Result: NOTE
Specified C++11: please drop specification unless essential
Flavors: r-devel-linux-x86_64-debian-clang, r-devel-linux-x86_64-debian-gcc, r-devel-linux-x86_64-fedora-clang, r-devel-linux-x86_64-fedora-gcc, r-devel-windows-x86_64, r-patched-linux-x86_64, r-release-linux-x86_64, r-release-macos-arm64, r-release-macos-x86_64, r-release-windows-x86_64, r-oldrel-macos-arm64, r-oldrel-macos-x86_64, r-oldrel-windows-x86_64