Last updated on 2024-06-30 03:55:20 CEST.
Flavor | Version | Tinstall | Tcheck | Ttotal | Status | Flags |
---|---|---|---|---|---|---|
r-devel-linux-x86_64-debian-clang | 0.1-3 | 2.26 | 28.38 | 30.64 | NOTE | |
r-devel-linux-x86_64-debian-gcc | 0.1-3 | 2.02 | 22.06 | 24.08 | NOTE | |
r-devel-linux-x86_64-fedora-clang | 0.1-3 | 38.77 | NOTE | |||
r-devel-linux-x86_64-fedora-gcc | 0.1-3 | 37.41 | NOTE | |||
r-devel-windows-x86_64 | 0.1-3 | 3.00 | 52.00 | 55.00 | NOTE | |
r-patched-linux-x86_64 | 0.1-3 | 3.04 | 27.71 | 30.75 | NOTE | |
r-release-linux-x86_64 | 0.1-3 | 2.30 | 27.02 | 29.32 | NOTE | |
r-release-macos-arm64 | 0.1-3 | 18.00 | NOTE | |||
r-release-macos-x86_64 | 0.1-3 | 24.00 | NOTE | |||
r-release-windows-x86_64 | 0.1-3 | 3.00 | 53.00 | 56.00 | NOTE | |
r-oldrel-macos-arm64 | 0.1-3 | 18.00 | NOTE | |||
r-oldrel-macos-x86_64 | 0.1-3 | 25.00 | NOTE | |||
r-oldrel-windows-x86_64 | 0.1-3 | 4.00 | 54.00 | 58.00 | NOTE |
Version: 0.1-3
Check: LazyData
Result: NOTE
'LazyData' is specified without a 'data' directory
Flavors: r-devel-linux-x86_64-debian-clang, r-devel-linux-x86_64-debian-gcc, r-devel-linux-x86_64-fedora-clang, r-devel-linux-x86_64-fedora-gcc, r-devel-windows-x86_64, r-patched-linux-x86_64, r-release-linux-x86_64, r-release-macos-arm64, r-release-macos-x86_64, r-release-windows-x86_64, r-oldrel-macos-arm64, r-oldrel-macos-x86_64, r-oldrel-windows-x86_64