Last updated on 2024-06-30 03:55:20 CEST.
Flavor | Version | Tinstall | Tcheck | Ttotal | Status | Flags |
---|---|---|---|---|---|---|
r-devel-linux-x86_64-debian-clang | 2023.12.0 | 46.49 | 66.93 | 113.42 | OK | |
r-devel-linux-x86_64-debian-gcc | 2023.12.0 | 43.94 | 52.75 | 96.69 | OK | |
r-devel-linux-x86_64-fedora-clang | 2023.12.0 | 151.32 | NOTE | |||
r-devel-linux-x86_64-fedora-gcc | 2023.12.0 | 142.68 | NOTE | |||
r-devel-windows-x86_64 | 2023.12.0 | 42.00 | 70.00 | 112.00 | OK | |
r-patched-linux-x86_64 | 2023.12.0 | 45.58 | 64.63 | 110.21 | OK | |
r-release-linux-x86_64 | 2023.12.0 | 44.79 | 65.64 | 110.43 | OK | |
r-release-macos-arm64 | 2023.12.0 | 69.00 | OK | |||
r-release-macos-x86_64 | 2023.12.0 | 174.00 | OK | |||
r-release-windows-x86_64 | 2023.12.0 | 41.00 | 70.00 | 111.00 | OK | |
r-oldrel-macos-arm64 | 2023.12.0 | 73.00 | OK | |||
r-oldrel-macos-x86_64 | 2023.12.0 | 134.00 | OK | |||
r-oldrel-windows-x86_64 | 2023.12.0 | 57.00 | 82.00 | 139.00 | OK |
Version: 2023.12.0
Check: data for non-ASCII characters
Result: NOTE
Note: found 24832 marked UTF-8 strings
Flavors: r-devel-linux-x86_64-fedora-clang, r-devel-linux-x86_64-fedora-gcc