Last updated on 2024-07-16 15:48:20 CEST.
Flavor | Version | Tinstall | Tcheck | Ttotal | Status | Flags |
---|---|---|---|---|---|---|
r-devel-linux-x86_64-debian-clang | 1.0.0 | 3.90 | 37.23 | 41.13 | NOTE | |
r-devel-linux-x86_64-debian-gcc | 1.0.0 | 3.28 | 28.56 | 31.84 | NOTE | |
r-devel-linux-x86_64-fedora-clang | 1.0.0 | 51.43 | NOTE | |||
r-devel-linux-x86_64-fedora-gcc | 1.0.0 | 48.10 | NOTE | |||
r-devel-windows-x86_64 | 1.0.0 | 6.00 | 54.00 | 60.00 | NOTE | |
r-patched-linux-x86_64 | 1.0.0 | 4.01 | 34.76 | 38.77 | NOTE | |
r-release-linux-x86_64 | 1.0.0 | 3.49 | 36.18 | 39.67 | NOTE | |
r-release-macos-arm64 | 1.0.0 | 20.00 | NOTE | |||
r-release-macos-x86_64 | 1.0.0 | 33.00 | NOTE | |||
r-release-windows-x86_64 | 1.0.0 | 5.00 | 54.00 | 59.00 | NOTE | |
r-oldrel-macos-arm64 | 1.0.0 | 22.00 | NOTE | |||
r-oldrel-macos-x86_64 | 1.0.0 | 28.00 | NOTE | |||
r-oldrel-windows-x86_64 | 1.0.0 | 6.00 | 57.00 | 63.00 | NOTE |
Version: 1.0.0
Check: LazyData
Result: NOTE
'LazyData' is specified without a 'data' directory
Flavors: r-devel-linux-x86_64-debian-clang, r-devel-linux-x86_64-debian-gcc, r-devel-linux-x86_64-fedora-clang, r-devel-linux-x86_64-fedora-gcc, r-devel-windows-x86_64, r-patched-linux-x86_64, r-release-linux-x86_64, r-release-macos-arm64, r-release-macos-x86_64, r-release-windows-x86_64, r-oldrel-macos-arm64, r-oldrel-macos-x86_64, r-oldrel-windows-x86_64