Last updated on 2024-06-30 03:55:20 CEST.
Flavor | Version | Tinstall | Tcheck | Ttotal | Status | Flags |
---|---|---|---|---|---|---|
r-devel-linux-x86_64-debian-clang | 1.3.0 | 57.42 | 71.17 | 128.59 | OK | |
r-devel-linux-x86_64-debian-gcc | 1.3.0 | 47.81 | 50.71 | 98.52 | OK | |
r-devel-linux-x86_64-fedora-clang | 1.3.0 | 171.38 | OK | |||
r-devel-linux-x86_64-fedora-gcc | 1.3.0 | 190.94 | OK | |||
r-devel-windows-x86_64 | 1.3.0 | 48.00 | 94.00 | 142.00 | OK | |
r-patched-linux-x86_64 | 1.3.0 | 55.52 | 68.52 | 124.04 | OK | |
r-release-linux-x86_64 | 1.3.0 | 55.28 | 67.65 | 122.93 | OK | |
r-release-macos-arm64 | 1.3.0 | 37.00 | NOTE | |||
r-release-macos-x86_64 | 1.3.0 | 62.00 | NOTE | |||
r-release-windows-x86_64 | 1.3.0 | 48.00 | 88.00 | 136.00 | OK | |
r-oldrel-macos-arm64 | 1.3.0 | 55.00 | NOTE | |||
r-oldrel-macos-x86_64 | 1.3.0 | 122.00 | NOTE | |||
r-oldrel-windows-x86_64 | 1.3.0 | 60.00 | 112.00 | 172.00 | OK |
Version: 1.3.0
Check: installed package size
Result: NOTE
installed size is 6.2Mb
sub-directories of 1Mb or more:
libs 6.0Mb
Flavors: r-release-macos-arm64, r-release-macos-x86_64, r-oldrel-macos-arm64, r-oldrel-macos-x86_64