Last updated on 2024-06-30 03:55:20 CEST.
Flavor | Version | Tinstall | Tcheck | Ttotal | Status | Flags |
---|---|---|---|---|---|---|
r-devel-linux-x86_64-debian-clang | 0.2.3 | 5.16 | 52.80 | 57.96 | NOTE | |
r-devel-linux-x86_64-debian-gcc | 0.2.3 | 4.41 | 38.79 | 43.20 | NOTE | |
r-devel-linux-x86_64-fedora-clang | 0.2.3 | 77.76 | NOTE | |||
r-devel-linux-x86_64-fedora-gcc | 0.2.3 | 72.84 | NOTE | |||
r-devel-windows-x86_64 | 0.2.3 | 6.00 | 72.00 | 78.00 | NOTE | |
r-patched-linux-x86_64 | 0.2.3 | 12.11 | 50.17 | 62.28 | NOTE | |
r-release-linux-x86_64 | 0.2.3 | 6.37 | 49.50 | 55.87 | NOTE | |
r-release-macos-arm64 | 0.2.3 | 33.00 | NOTE | |||
r-release-macos-x86_64 | 0.2.3 | 43.00 | NOTE | |||
r-release-windows-x86_64 | 0.2.3 | 7.00 | 73.00 | 80.00 | NOTE | |
r-oldrel-macos-arm64 | 0.2.3 | 34.00 | OK | |||
r-oldrel-macos-x86_64 | 0.2.3 | 50.00 | OK | |||
r-oldrel-windows-x86_64 | 0.2.3 | 9.00 | 76.00 | 85.00 | OK |
Version: 0.2.3
Check: Rd files
Result: NOTE
checkRd: (-1) elink.Rd:70-71: Lost braces in \itemize; meant \describe ?
checkRd: (-1) elink.Rd:72-73: Lost braces in \itemize; meant \describe ?
checkRd: (-1) elink.Rd:74-76: Lost braces in \itemize; meant \describe ?
checkRd: (-1) reutils-package.Rd:114: Lost braces
114 | code{reutils.test.remote} to \code{TRUE} to run the full suite of tests.
| ^
Flavors: r-devel-linux-x86_64-debian-clang, r-devel-linux-x86_64-debian-gcc, r-devel-linux-x86_64-fedora-clang, r-devel-linux-x86_64-fedora-gcc, r-devel-windows-x86_64, r-patched-linux-x86_64, r-release-linux-x86_64, r-release-macos-arm64, r-release-macos-x86_64, r-release-windows-x86_64