Last updated on 2024-06-30 03:55:20 CEST.
Flavor | Version | Tinstall | Tcheck | Ttotal | Status | Flags |
---|---|---|---|---|---|---|
r-devel-linux-x86_64-debian-clang | 5.9-0.10 | 20.66 | 53.15 | 73.81 | OK | |
r-devel-linux-x86_64-debian-gcc | 5.9-0.10 | 13.22 | 52.84 | 66.06 | OK | |
r-devel-linux-x86_64-fedora-clang | 5.9-0.10 | 93.19 | NOTE | |||
r-devel-linux-x86_64-fedora-gcc | 5.9-0.10 | 127.89 | OK | |||
r-devel-windows-x86_64 | 5.9-0.10 | 20.00 | 98.00 | 118.00 | OK | |
r-patched-linux-x86_64 | 5.9-0.10 | 15.10 | 59.79 | 74.89 | OK | |
r-release-linux-x86_64 | 5.9-0.10 | 15.43 | 62.37 | 77.80 | OK | |
r-release-macos-arm64 | 5.9-0.10 | 36.00 | OK | |||
r-release-macos-x86_64 | 5.9-0.10 | 58.00 | OK | |||
r-release-windows-x86_64 | 5.9-0.10 | 21.00 | 104.00 | 125.00 | OK | |
r-oldrel-macos-arm64 | 5.9-0.10 | 69.00 | OK | |||
r-oldrel-macos-x86_64 | 5.9-0.10 | 121.00 | OK | |||
r-oldrel-windows-x86_64 | 5.9-0.10 | 22.00 | 89.00 | 111.00 | OK |
Version: 5.9-0.10
Check: Rd cross-references
Result: NOTE
Undeclared package ‘Matching’ in Rd xrefs
Flavor: r-devel-linux-x86_64-fedora-clang