Last updated on 2024-06-30 03:55:20 CEST.
Flavor | Version | Tinstall | Tcheck | Ttotal | Status | Flags |
---|---|---|---|---|---|---|
r-devel-linux-x86_64-debian-clang | 0.2.1 | 97.26 | 45.93 | 143.19 | OK | |
r-devel-linux-x86_64-debian-gcc | 0.2.1 | 87.43 | 34.45 | 121.88 | OK | |
r-devel-linux-x86_64-fedora-clang | 0.2.1 | 193.62 | NOTE | |||
r-devel-linux-x86_64-fedora-gcc | 0.2.1 | 251.91 | OK | |||
r-devel-windows-x86_64 | 0.2.1 | 82.00 | 93.00 | 175.00 | NOTE | |
r-patched-linux-x86_64 | 0.2.1 | 103.33 | 44.01 | 147.34 | OK | |
r-release-linux-x86_64 | 0.2.1 | 107.52 | 43.72 | 151.24 | OK | |
r-release-macos-arm64 | 0.2.1 | 50.00 | NOTE | |||
r-release-macos-x86_64 | 0.2.1 | 96.00 | NOTE | |||
r-release-windows-x86_64 | 0.2.1 | 80.00 | 87.00 | 167.00 | NOTE | |
r-oldrel-macos-arm64 | 0.2.1 | 63.00 | NOTE | |||
r-oldrel-macos-x86_64 | 0.2.1 | 98.00 | NOTE | |||
r-oldrel-windows-x86_64 | 0.2.1 | 87.00 | 105.00 | 192.00 | NOTE |
Version: 0.2.1
Check: installed package size
Result: NOTE
installed size is 5.0Mb
sub-directories of 1Mb or more:
lemon 2.9Mb
libs 1.9Mb
Flavors: r-devel-linux-x86_64-fedora-clang, r-devel-windows-x86_64, r-release-macos-arm64, r-release-macos-x86_64, r-release-windows-x86_64, r-oldrel-macos-arm64, r-oldrel-macos-x86_64, r-oldrel-windows-x86_64