Last updated on 2024-06-30 03:55:21 CEST.
Flavor | Version | Tinstall | Tcheck | Ttotal | Status | Flags |
---|---|---|---|---|---|---|
r-devel-linux-x86_64-debian-clang | 1.1.0 | 4.74 | 52.92 | 57.66 | NOTE | |
r-devel-linux-x86_64-debian-gcc | 1.1.0 | 4.09 | 39.14 | 43.23 | NOTE | |
r-devel-linux-x86_64-fedora-clang | 1.1.0 | 72.73 | NOTE | |||
r-devel-linux-x86_64-fedora-gcc | 1.1.0 | 69.16 | NOTE | |||
r-devel-windows-x86_64 | 1.1.0 | 8.00 | 70.00 | 78.00 | NOTE | |
r-patched-linux-x86_64 | 1.1.0 | 3.88 | 49.32 | 53.20 | NOTE | |
r-release-linux-x86_64 | 1.1.0 | 5.42 | 48.71 | 54.13 | NOTE | |
r-release-macos-arm64 | 1.1.0 | 33.00 | NOTE | |||
r-release-macos-x86_64 | 1.1.0 | 44.00 | NOTE | |||
r-release-windows-x86_64 | 1.1.0 | 5.00 | 71.00 | 76.00 | NOTE | |
r-oldrel-macos-arm64 | 1.1.0 | 34.00 | NOTE | |||
r-oldrel-macos-x86_64 | 1.1.0 | 46.00 | NOTE | |||
r-oldrel-windows-x86_64 | 1.1.0 | 7.00 | 77.00 | 84.00 | NOTE |
Version: 1.1.0
Check: LazyData
Result: NOTE
'LazyData' is specified without a 'data' directory
Flavors: r-devel-linux-x86_64-debian-clang, r-devel-linux-x86_64-debian-gcc, r-devel-linux-x86_64-fedora-clang, r-devel-linux-x86_64-fedora-gcc, r-devel-windows-x86_64, r-patched-linux-x86_64, r-release-linux-x86_64, r-release-macos-arm64, r-release-macos-x86_64, r-release-windows-x86_64, r-oldrel-macos-arm64, r-oldrel-macos-x86_64, r-oldrel-windows-x86_64