Last updated on 2024-06-30 03:55:21 CEST.
Flavor | Version | Tinstall | Tcheck | Ttotal | Status | Flags |
---|---|---|---|---|---|---|
r-devel-linux-x86_64-debian-clang | 0.6.3.1.1 | 158.42 | 84.39 | 242.81 | OK | |
r-devel-linux-x86_64-debian-gcc | 0.6.3.1.1 | 133.01 | 64.30 | 197.31 | OK | |
r-devel-linux-x86_64-fedora-clang | 0.6.3.1.1 | 296.03 | NOTE | |||
r-devel-linux-x86_64-fedora-gcc | 0.6.3.1.1 | 384.08 | OK | |||
r-devel-windows-x86_64 | 0.6.3.1.1 | 118.00 | 124.00 | 242.00 | NOTE | |
r-patched-linux-x86_64 | 0.6.3.1.1 | 158.63 | 85.38 | 244.01 | OK | |
r-release-linux-x86_64 | 0.6.3.1.1 | 167.95 | 85.82 | 253.77 | OK | |
r-release-macos-arm64 | 0.6.3.1.1 | 83.00 | NOTE | |||
r-release-macos-x86_64 | 0.6.3.1.1 | 129.00 | NOTE | |||
r-release-windows-x86_64 | 0.6.3.1.1 | 117.00 | 122.00 | 239.00 | NOTE | |
r-oldrel-macos-arm64 | 0.6.3.1.1 | 101.00 | NOTE | |||
r-oldrel-macos-x86_64 | 0.6.3.1.1 | 154.00 | NOTE | |||
r-oldrel-windows-x86_64 | 0.6.3.1.1 | 149.00 | 146.00 | 295.00 | NOTE |
Version: 0.6.3.1.1
Check: installed package size
Result: NOTE
installed size is 10.4Mb
sub-directories of 1Mb or more:
include 5.0Mb
libs 5.0Mb
Flavors: r-devel-linux-x86_64-fedora-clang, r-devel-windows-x86_64, r-release-macos-arm64, r-release-macos-x86_64, r-release-windows-x86_64, r-oldrel-macos-arm64, r-oldrel-macos-x86_64, r-oldrel-windows-x86_64
Version: 0.6.3.1.1
Check: Rd cross-references
Result: NOTE
Undeclared package ‘wdm’ in Rd xrefs
Flavor: r-devel-linux-x86_64-fedora-clang