Last updated on 2024-08-16 03:49:36 CEST.
Flavor | Version | Tinstall | Tcheck | Ttotal | Status | Flags |
---|---|---|---|---|---|---|
r-devel-linux-x86_64-debian-clang | 0.0.67 | 118.48 | 182.42 | 300.90 | OK | |
r-devel-linux-x86_64-debian-gcc | 0.0.67 | 86.94 | 132.70 | 219.64 | OK | |
r-devel-linux-x86_64-fedora-clang | 0.0.67 | 500.87 | NOTE | |||
r-devel-linux-x86_64-fedora-gcc | 0.0.67 | 622.58 | OK | |||
r-devel-windows-x86_64 | 0.0.67 | 184.00 | 203.00 | 387.00 | NOTE | |
r-patched-linux-x86_64 | 0.0.67 | 118.25 | 178.43 | 296.68 | OK | |
r-release-linux-x86_64 | 0.0.67 | 117.76 | 176.18 | 293.94 | OK | |
r-release-macos-arm64 | 0.0.67 | 14.00 | ERROR | |||
r-release-macos-x86_64 | 0.0.67 | 35.00 | ERROR | |||
r-release-windows-x86_64 | 0.0.67 | 191.00 | 204.00 | 395.00 | NOTE | |
r-oldrel-macos-arm64 | 0.0.67 | 22.00 | ERROR | |||
r-oldrel-macos-x86_64 | 0.0.67 | 35.00 | ERROR | |||
r-oldrel-windows-x86_64 | 0.0.67 | 209.00 | 255.00 | 464.00 | NOTE |
Version: 0.0.67
Check: installed package size
Result: NOTE
installed size is 15.9Mb
sub-directories of 1Mb or more:
cppad 9.8Mb
include 4.8Mb
Flavors: r-devel-linux-x86_64-fedora-clang, r-devel-windows-x86_64, r-release-windows-x86_64, r-oldrel-windows-x86_64
Version: 0.0.67
Check: whether package can be installed
Result: ERROR
Installation failed.
Flavors: r-release-macos-arm64, r-release-macos-x86_64, r-oldrel-macos-arm64, r-oldrel-macos-x86_64