Last updated on 2024-06-30 03:55:22 CEST.
Flavor | Version | Tinstall | Tcheck | Ttotal | Status | Flags |
---|---|---|---|---|---|---|
r-devel-linux-x86_64-debian-clang | 1.2.4 | 31.49 | 33.12 | 64.61 | OK | |
r-devel-linux-x86_64-debian-gcc | 1.2.4 | 16.07 | 24.88 | 40.95 | OK | |
r-devel-linux-x86_64-fedora-clang | 1.2.4 | 86.86 | NOTE | |||
r-devel-linux-x86_64-fedora-gcc | 1.2.4 | 80.34 | NOTE | |||
r-devel-windows-x86_64 | 1.2.4 | 23.00 | 59.00 | 82.00 | OK | |
r-patched-linux-x86_64 | 1.2.4 | 23.26 | 29.83 | 53.09 | OK | |
r-release-linux-x86_64 | 1.2.4 | 22.74 | 30.59 | 53.33 | OK | |
r-release-macos-arm64 | 1.2.4 | 22.00 | OK | |||
r-release-macos-x86_64 | 1.2.4 | 31.00 | OK | |||
r-release-windows-x86_64 | 1.2.4 | 23.00 | 63.00 | 86.00 | OK | |
r-oldrel-macos-arm64 | 1.2.4 | 28.00 | OK | |||
r-oldrel-macos-x86_64 | 1.2.4 | 38.00 | OK | |||
r-oldrel-windows-x86_64 | 1.2.4 | 29.00 | 70.00 | 99.00 | OK |
Version: 1.2.4
Check: compiled code
Result: NOTE
File ‘segmag/libs/segmag.so’:
Found no calls to: ‘R_registerRoutines’, ‘R_useDynamicSymbols’
It is good practice to register native routines and to disable symbol
search.
See ‘Writing portable packages’ in the ‘Writing R Extensions’ manual.
Flavors: r-devel-linux-x86_64-fedora-clang, r-devel-linux-x86_64-fedora-gcc