Last updated on 2024-06-30 03:55:22 CEST.
Flavor | Version | Tinstall | Tcheck | Ttotal | Status | Flags |
---|---|---|---|---|---|---|
r-devel-linux-x86_64-debian-clang | 0.2.0 | 5.37 | 42.75 | 48.12 | NOTE | |
r-devel-linux-x86_64-debian-gcc | 0.2.0 | 3.05 | 31.57 | 34.62 | NOTE | |
r-devel-linux-x86_64-fedora-clang | 0.2.0 | 60.10 | NOTE | |||
r-devel-linux-x86_64-fedora-gcc | 0.2.0 | 55.55 | NOTE | |||
r-devel-windows-x86_64 | 0.2.0 | 6.00 | 54.00 | 60.00 | NOTE | |
r-patched-linux-x86_64 | 0.2.0 | 4.29 | 40.33 | 44.62 | NOTE | |
r-release-linux-x86_64 | 0.2.0 | 4.35 | 40.00 | 44.35 | NOTE | |
r-release-macos-arm64 | 0.2.0 | 21.00 | NOTE | |||
r-release-macos-x86_64 | 0.2.0 | 30.00 | NOTE | |||
r-release-windows-x86_64 | 0.2.0 | 5.00 | 53.00 | 58.00 | NOTE | |
r-oldrel-macos-arm64 | 0.2.0 | 21.00 | OK | |||
r-oldrel-macos-x86_64 | 0.2.0 | 31.00 | OK | |||
r-oldrel-windows-x86_64 | 0.2.0 | 6.00 | 59.00 | 65.00 | OK |
Version: 0.2.0
Check: Rd files
Result: NOTE
checkRd: (-1) display.Rd:17: Lost braces; missing escapes or markup?
17 | div which wraps your message to display it in the {position} corner of your shiny app.
| ^
checkRd: (-1) info_value.Rd:15: Lost braces; missing escapes or markup?
15 | div which wraps rendered value to display it in the {position} corner of your shiny app.
| ^
Flavors: r-devel-linux-x86_64-debian-clang, r-devel-linux-x86_64-debian-gcc, r-devel-linux-x86_64-fedora-clang, r-devel-linux-x86_64-fedora-gcc, r-devel-windows-x86_64, r-patched-linux-x86_64, r-release-linux-x86_64, r-release-macos-arm64, r-release-macos-x86_64, r-release-windows-x86_64