Last updated on 2024-06-30 03:55:22 CEST.
Flavor | Version | Tinstall | Tcheck | Ttotal | Status | Flags |
---|---|---|---|---|---|---|
r-devel-linux-x86_64-debian-clang | 2.1.3 | 90.17 | 171.01 | 261.18 | OK | |
r-devel-linux-x86_64-debian-gcc | 2.1.3 | 63.48 | 125.05 | 188.53 | OK | |
r-devel-linux-x86_64-fedora-clang | 2.1.3 | 354.64 | OK | |||
r-devel-linux-x86_64-fedora-gcc | 2.1.3 | 341.96 | OK | |||
r-devel-windows-x86_64 | 2.1.3 | 77.00 | 164.00 | 241.00 | OK | |
r-patched-linux-x86_64 | 2.1.3 | 60.74 | 161.05 | 221.79 | OK | |
r-release-linux-x86_64 | 2.1.3 | 56.88 | 164.02 | 220.90 | OK | |
r-release-macos-arm64 | 2.1.3 | 81.00 | NOTE | |||
r-release-macos-x86_64 | 2.1.3 | 119.00 | NOTE | |||
r-release-windows-x86_64 | 2.1.3 | 75.00 | 172.00 | 247.00 | OK | |
r-oldrel-macos-arm64 | 2.1.3 | 88.00 | NOTE | |||
r-oldrel-macos-x86_64 | 2.1.3 | 198.00 | NOTE | |||
r-oldrel-windows-x86_64 | 2.1.3 | 94.00 | 221.00 | 315.00 | OK |
Version: 2.1.3
Check: installed package size
Result: NOTE
installed size is 5.5Mb
sub-directories of 1Mb or more:
data 2.0Mb
libs 2.5Mb
Flavors: r-release-macos-arm64, r-release-macos-x86_64, r-oldrel-macos-arm64, r-oldrel-macos-x86_64