Last updated on 2024-06-30 03:55:23 CEST.
Flavor | Version | Tinstall | Tcheck | Ttotal | Status | Flags |
---|---|---|---|---|---|---|
r-devel-linux-x86_64-debian-clang | 0.3 | 10.61 | 122.69 | 133.30 | NOTE | |
r-devel-linux-x86_64-debian-gcc | 0.3 | 9.12 | 93.70 | 102.82 | NOTE | |
r-devel-linux-x86_64-fedora-clang | 0.3 | 168.94 | NOTE | |||
r-devel-linux-x86_64-fedora-gcc | 0.3 | 163.32 | NOTE | |||
r-devel-windows-x86_64 | 0.3 | 10.00 | 108.00 | 118.00 | NOTE | |
r-patched-linux-x86_64 | 0.3 | 9.92 | 119.73 | 129.65 | NOTE | |
r-release-linux-x86_64 | 0.3 | 10.81 | 118.87 | 129.68 | NOTE | |
r-release-macos-arm64 | 0.3 | 47.00 | NOTE | |||
r-release-macos-x86_64 | 0.3 | 70.00 | NOTE | |||
r-release-windows-x86_64 | 0.3 | 10.00 | 110.00 | 120.00 | NOTE | |
r-oldrel-macos-arm64 | 0.3 | 57.00 | NOTE | |||
r-oldrel-macos-x86_64 | 0.3 | 87.00 | NOTE | |||
r-oldrel-windows-x86_64 | 0.3 | 14.00 | 127.00 | 141.00 | NOTE |
Version: 0.3
Check: LazyData
Result: NOTE
'LazyData' is specified without a 'data' directory
Flavors: r-devel-linux-x86_64-debian-clang, r-devel-linux-x86_64-debian-gcc, r-devel-linux-x86_64-fedora-clang, r-devel-linux-x86_64-fedora-gcc, r-devel-windows-x86_64, r-patched-linux-x86_64, r-release-linux-x86_64, r-release-macos-arm64, r-release-macos-x86_64, r-release-windows-x86_64, r-oldrel-macos-arm64, r-oldrel-macos-x86_64, r-oldrel-windows-x86_64
Version: 0.3
Check: dependencies in R code
Result: NOTE
Namespaces in Imports field not imported from:
‘compiler’ ‘lmtest’
All declared Imports should be used.
Flavors: r-devel-linux-x86_64-fedora-clang, r-devel-linux-x86_64-fedora-gcc
Version: 0.3
Check: package dependencies
Result: NOTE
Package suggested but not available for checking: ‘demography’
Flavor: r-oldrel-macos-x86_64