Last updated on 2024-06-16 03:57:40 CEST.
Flavor | Version | Tinstall | Tcheck | Ttotal | Status | Flags |
---|---|---|---|---|---|---|
r-devel-linux-x86_64-debian-clang | 2.8.3 | 22.95 | 194.71 | 217.66 | OK | |
r-devel-linux-x86_64-debian-gcc | 2.8.3 | 17.26 | 138.89 | 156.15 | OK | |
r-devel-linux-x86_64-fedora-clang | 2.8.3 | 211.57 | OK | |||
r-devel-linux-x86_64-fedora-gcc | 2.8.3 | 266.10 | OK | |||
r-devel-windows-x86_64 | 2.8.3 | 19.00 | 172.00 | 191.00 | ERROR | |
r-patched-linux-x86_64 | 2.8.3 | 24.56 | 180.02 | 204.58 | OK | |
r-release-linux-x86_64 | 2.8.2 | 18.92 | 178.55 | 197.47 | OK | |
r-release-macos-arm64 | 2.8.3 | 75.00 | OK | |||
r-release-macos-x86_64 | 2.8.3 | 232.00 | OK | |||
r-release-windows-x86_64 | 2.8.3 | 20.00 | 163.00 | 183.00 | OK | |
r-oldrel-macos-arm64 | 2.8.3 | 109.00 | ERROR | |||
r-oldrel-macos-x86_64 | 2.8.3 | 189.00 | ERROR | |||
r-oldrel-windows-x86_64 | 2.8.3 | 24.00 | 194.00 | 218.00 | OK |
Version: 2.8.3
Check: whether package can be installed
Result: ERROR
Installation failed.
Flavor: r-devel-windows-x86_64
Version: 2.8.3
Check: running R code from vignettes
Result: ERROR
Errors in running code in vignettes:
when running code in ‘fetchNASIS.Rmd’
...
> knitr::opts_chunk$set(collapse = TRUE, comment = "#>",
+ echo = FALSE, eval = (nchar(soilDBdata_pedon_dsn) > 0))
> library(soilDB)
> f <- fetchNASIS(dsn = soilDBdata_pedon_dsn)
When sourcing ‘fetchNASIS.R’:
Error: no such table: site_View_1
Execution halted
‘fetchNASIS.Rmd’ using ‘UTF-8’... failed
‘wcs-ssurgo.Rmd’ using ‘UTF-8’... [5s/29s] OK
Flavor: r-oldrel-macos-arm64
Version: 2.8.3
Check: running R code from vignettes
Result: ERROR
Errors in running code in vignettes:
when running code in ‘fetchNASIS.Rmd’
...
> knitr::opts_chunk$set(collapse = TRUE, comment = "#>",
+ echo = FALSE, eval = (nchar(soilDBdata_pedon_dsn) > 0))
> library(soilDB)
> f <- fetchNASIS(dsn = soilDBdata_pedon_dsn)
When sourcing ‘fetchNASIS.R’:
Error: no such table: site_View_1
Execution halted
‘fetchNASIS.Rmd’ using ‘UTF-8’... failed
‘wcs-ssurgo.Rmd’ using ‘UTF-8’... [10s/32s] OK
Flavor: r-oldrel-macos-x86_64