Last updated on 2024-06-30 03:55:23 CEST.
Flavor | Version | Tinstall | Tcheck | Ttotal | Status | Flags |
---|---|---|---|---|---|---|
r-devel-linux-x86_64-debian-clang | 0.1.3 | 127.79 | 301.32 | 429.11 | OK | |
r-devel-linux-x86_64-debian-gcc | 0.1.3 | 100.47 | 218.09 | 318.56 | OK | |
r-devel-linux-x86_64-fedora-clang | 0.1.3 | 562.55 | OK | |||
r-devel-linux-x86_64-fedora-gcc | 0.1.3 | 536.17 | OK | |||
r-devel-windows-x86_64 | 0.1.3 | 112.00 | 212.00 | 324.00 | OK | |
r-patched-linux-x86_64 | 0.1.3 | 117.46 | 291.48 | 408.94 | OK | |
r-release-linux-x86_64 | 0.1.3 | 129.91 | 293.22 | 423.13 | OK | |
r-release-macos-arm64 | 0.1.3 | 115.00 | NOTE | |||
r-release-macos-x86_64 | 0.1.3 | 162.00 | NOTE | |||
r-release-windows-x86_64 | 0.1.3 | 111.00 | 213.00 | 324.00 | OK | |
r-oldrel-macos-arm64 | 0.1.3 | 114.00 | NOTE | |||
r-oldrel-macos-x86_64 | 0.1.3 | 230.00 | NOTE | |||
r-oldrel-windows-x86_64 | 0.1.3 | 141.00 | 283.00 | 424.00 | OK |
Version: 0.1.3
Check: installed package size
Result: NOTE
installed size is 5.1Mb
sub-directories of 1Mb or more:
R 2.0Mb
libs 2.3Mb
Flavors: r-release-macos-arm64, r-release-macos-x86_64, r-oldrel-macos-arm64, r-oldrel-macos-x86_64