Last updated on 2024-06-30 03:55:24 CEST.
Flavor | Version | Tinstall | Tcheck | Ttotal | Status | Flags |
---|---|---|---|---|---|---|
r-devel-linux-x86_64-debian-clang | 0.2.1 | 480.09 | 37.54 | 517.63 | OK | |
r-devel-linux-x86_64-debian-gcc | 0.2.1 | 315.79 | 28.44 | 344.23 | OK | |
r-devel-linux-x86_64-fedora-clang | 0.2.1 | 795.67 | OK | |||
r-devel-linux-x86_64-fedora-gcc | 0.2.1 | 807.11 | OK | |||
r-devel-windows-x86_64 | 0.2.1 | 350.00 | 77.00 | 427.00 | OK | |
r-patched-linux-x86_64 | 0.2.1 | 385.37 | 36.51 | 421.88 | OK | |
r-release-linux-x86_64 | 0.2.1 | 384.03 | 36.63 | 420.66 | OK | |
r-release-macos-arm64 | 0.2.1 | 117.00 | NOTE | |||
r-release-macos-x86_64 | 0.2.1 | 101.00 | NOTE | |||
r-release-windows-x86_64 | 0.2.1 | 348.00 | 71.00 | 419.00 | OK | |
r-oldrel-macos-arm64 | 0.2.1 | 125.00 | NOTE | |||
r-oldrel-macos-x86_64 | 0.2.1 | 104.00 | NOTE | |||
r-oldrel-windows-x86_64 | 0.2.1 | 423.00 | 87.00 | 510.00 | OK |
Version: 0.2.1
Check: installed package size
Result: NOTE
installed size is 10.4Mb
sub-directories of 1Mb or more:
libs 10.2Mb
Flavors: r-release-macos-arm64, r-release-macos-x86_64, r-oldrel-macos-arm64, r-oldrel-macos-x86_64