Last updated on 2024-06-30 03:55:24 CEST.
Flavor | Version | Tinstall | Tcheck | Ttotal | Status | Flags |
---|---|---|---|---|---|---|
r-devel-linux-x86_64-debian-clang | 0.0.5 | 9.40 | 90.48 | 99.88 | OK | |
r-devel-linux-x86_64-debian-gcc | 0.0.5 | 7.68 | 68.84 | 76.52 | OK | |
r-devel-linux-x86_64-fedora-clang | 0.0.5 | 128.62 | NOTE | |||
r-devel-linux-x86_64-fedora-gcc | 0.0.5 | 119.36 | NOTE | |||
r-devel-windows-x86_64 | 0.0.5 | 10.00 | 95.00 | 105.00 | OK | |
r-patched-linux-x86_64 | 0.0.5 | 17.73 | 84.51 | 102.24 | OK | |
r-release-linux-x86_64 | 0.0.5 | 6.37 | 86.63 | 93.00 | OK | |
r-release-macos-arm64 | 0.0.5 | 40.00 | OK | |||
r-release-macos-x86_64 | 0.0.5 | 53.00 | OK | |||
r-release-windows-x86_64 | 0.0.5 | 10.00 | 98.00 | 108.00 | OK | |
r-oldrel-macos-arm64 | 0.0.5 | 43.00 | OK | |||
r-oldrel-macos-x86_64 | 0.0.5 | 65.00 | OK | |||
r-oldrel-windows-x86_64 | 0.0.5 | 14.00 | 116.00 | 130.00 | OK |
Version: 0.0.5
Check: dependencies in R code
Result: NOTE
Namespace in Imports field not imported from: ‘quadprog’
All declared Imports should be used.
Flavors: r-devel-linux-x86_64-fedora-clang, r-devel-linux-x86_64-fedora-gcc