Last updated on 2024-06-17 03:50:06 CEST.
Flavor | Version | Tinstall | Tcheck | Ttotal | Status | Flags |
---|---|---|---|---|---|---|
r-devel-linux-x86_64-debian-clang | 2.1.3 | 16.03 | 41.50 | 57.53 | NOTE | |
r-devel-linux-x86_64-debian-gcc | 2.1.3 | 10.52 | 32.50 | 43.02 | NOTE | |
r-devel-linux-x86_64-fedora-clang | 2.1.3 | 75.14 | NOTE | |||
r-devel-linux-x86_64-fedora-gcc | 2.1.3 | 91.38 | NOTE | |||
r-devel-windows-x86_64 | 2.1.3 | 15.00 | 74.00 | 89.00 | NOTE | |
r-patched-linux-x86_64 | 2.1.3 | 12.05 | 40.67 | 52.72 | NOTE | |
r-release-linux-x86_64 | 2.1.3 | 12.20 | 41.45 | 53.65 | NOTE | |
r-release-macos-arm64 | 2.1.3 | 31.00 | NOTE | |||
r-release-macos-x86_64 | 2.1.3 | 47.00 | NOTE | |||
r-release-windows-x86_64 | 2.1.3 | 16.00 | 79.00 | 95.00 | OK | |
r-oldrel-macos-arm64 | 2.1.3 | 36.00 | NOTE | |||
r-oldrel-macos-x86_64 | 2.1.3 | 77.00 | NOTE | |||
r-oldrel-windows-x86_64 | 2.1.3 | 18.00 | 88.00 | 106.00 | OK |
Version: 2.1.3
Check: C++ specification
Result: NOTE
Specified C++11: please drop specification unless essential
Flavors: r-devel-linux-x86_64-debian-clang, r-devel-linux-x86_64-debian-gcc, r-devel-linux-x86_64-fedora-clang, r-devel-linux-x86_64-fedora-gcc, r-patched-linux-x86_64, r-release-linux-x86_64, r-release-macos-arm64, r-release-macos-x86_64, r-oldrel-macos-arm64, r-oldrel-macos-x86_64
Version: 2.1.3
Check: compiled code
Result: NOTE
File ‘svglite/libs/svglite.so’:
Found non-API calls to R: ‘SETLENGTH’, ‘SET_TRUELENGTH’
Compiled code should not call non-API entry points in R.
See ‘Writing portable packages’ in the ‘Writing R Extensions’ manual.
Flavor: r-devel-linux-x86_64-debian-clang
Version: 2.1.3
Check: compiled code
Result: NOTE
File ‘svglite/libs/svglite.so’:
Found non-API calls to R: ‘SETLENGTH’, ‘SET_GROWABLE_BIT’,
‘SET_TRUELENGTH’
Compiled code should not call non-API entry points in R.
See ‘Writing portable packages’ in the ‘Writing R Extensions’ manual.
Flavors: r-devel-linux-x86_64-debian-gcc, r-devel-linux-x86_64-fedora-clang, r-devel-linux-x86_64-fedora-gcc
Version: 2.1.3
Check: compiled code
Result: NOTE
File 'svglite/libs/x64/svglite.dll':
Found non-API calls to R: 'SETLENGTH', 'SET_GROWABLE_BIT',
'SET_TRUELENGTH'
Compiled code should not call non-API entry points in R.
See 'Writing portable packages' in the 'Writing R Extensions' manual.
Flavor: r-devel-windows-x86_64