Last updated on 2024-08-16 03:49:39 CEST.
Flavor | Version | Tinstall | Tcheck | Ttotal | Status | Flags |
---|---|---|---|---|---|---|
r-devel-linux-x86_64-debian-clang | 1.1 | 3.16 | 21.19 | 24.35 | OK | |
r-devel-linux-x86_64-debian-gcc | 1.1 | 2.49 | 16.37 | 18.86 | OK | |
r-devel-linux-x86_64-fedora-clang | 1.1 | 41.90 | OK | |||
r-devel-linux-x86_64-fedora-gcc | 1.1 | 39.00 | OK | |||
r-devel-windows-x86_64 | 1.1 | 4.00 | 43.00 | 47.00 | OK | |
r-patched-linux-x86_64 | 1.1 | 3.08 | 19.76 | 22.84 | OK | |
r-release-linux-x86_64 | 1.1 | 2.93 | 19.99 | 22.92 | OK | |
r-release-macos-arm64 | 1.1 | 20.00 | WARN | |||
r-release-macos-x86_64 | 1.1 | 45.00 | WARN | |||
r-release-windows-x86_64 | 1.1 | 9.00 | 43.00 | 52.00 | OK | |
r-oldrel-macos-arm64 | 1.1 | 24.00 | WARN | |||
r-oldrel-macos-x86_64 | 1.1 | 33.00 | WARN | |||
r-oldrel-windows-x86_64 | 1.1 | 7.00 | 43.00 | 50.00 | WARN |
Version: 1.1
Check: installed package size
Result: NOTE
installed size is 6.3Mb
sub-directories of 1Mb or more:
data 6.2Mb
Flavors: r-release-macos-arm64, r-release-macos-x86_64, r-oldrel-macos-arm64, r-oldrel-macos-x86_64, r-oldrel-windows-x86_64
Version: 1.1
Check: LazyData
Result: WARN
LazyData DB of 5.2 MB without LazyDataCompression set
See ยง1.1.6 of 'Writing R Extensions'
Flavors: r-release-macos-arm64, r-release-macos-x86_64, r-oldrel-macos-arm64, r-oldrel-macos-x86_64, r-oldrel-windows-x86_64